{"id":88,"date":"2019-11-01T10:09:21","date_gmt":"2019-11-01T10:09:21","guid":{"rendered":"https:\/\/lernspatzen.de\/?page_id=88"},"modified":"2024-05-22T10:38:06","modified_gmt":"2024-05-22T10:38:06","slug":"freizeitangebote","status":"publish","type":"page","link":"https:\/\/lernspatzen.de\/?page_id=88","title":{"rendered":"AG\u00b4s \/ Clubnachmittage"},"content":{"rendered":"<div class=\"wp-block-image\">\n<figure class=\"aligncenter size-large is-resized\"><img loading=\"lazy\" decoding=\"async\" width=\"919\" height=\"1024\" src=\"https:\/\/lernspatzen.de\/wp-content\/uploads\/2024\/05\/IMG-20240522-WA0003-919x1024.jpg\" alt=\"\" class=\"wp-image-2487\" style=\"width:320px;height:417px\" srcset=\"https:\/\/lernspatzen.de\/wp-content\/uploads\/2024\/05\/IMG-20240522-WA0003-919x1024.jpg 919w, https:\/\/lernspatzen.de\/wp-content\/uploads\/2024\/05\/IMG-20240522-WA0003-269x300.jpg 269w, https:\/\/lernspatzen.de\/wp-content\/uploads\/2024\/05\/IMG-20240522-WA0003-768x856.jpg 768w, https:\/\/lernspatzen.de\/wp-content\/uploads\/2024\/05\/IMG-20240522-WA0003-1378x1536.jpg 1378w, https:\/\/lernspatzen.de\/wp-content\/uploads\/2024\/05\/IMG-20240522-WA0003-1837x2048.jpg 1837w\" sizes=\"auto, (max-width: 919px) 100vw, 919px\" \/><\/figure>\n<\/div>\n\n\n<figure class=\"wp-block-gallery aligncenter has-nested-images columns-default is-cropped wp-block-gallery-1 is-layout-flex wp-block-gallery-is-layout-flex\">\n<figure class=\"wp-block-image size-large\"><img loading=\"lazy\" decoding=\"async\" width=\"1024\" height=\"768\" data-id=\"1016\" src=\"https:\/\/lernspatzen.de\/wp-content\/uploads\/2020\/10\/IMG-20201016-WA0015-1024x768.jpg\" alt=\"\" class=\"wp-image-1016\" srcset=\"https:\/\/lernspatzen.de\/wp-content\/uploads\/2020\/10\/IMG-20201016-WA0015-1024x768.jpg 1024w, https:\/\/lernspatzen.de\/wp-content\/uploads\/2020\/10\/IMG-20201016-WA0015-300x225.jpg 300w, https:\/\/lernspatzen.de\/wp-content\/uploads\/2020\/10\/IMG-20201016-WA0015-768x576.jpg 768w, https:\/\/lernspatzen.de\/wp-content\/uploads\/2020\/10\/IMG-20201016-WA0015-1536x1152.jpg 1536w, https:\/\/lernspatzen.de\/wp-content\/uploads\/2020\/10\/IMG-20201016-WA0015.jpg 1600w\" sizes=\"auto, (max-width: 1024px) 100vw, 1024px\" \/><figcaption class=\"wp-element-caption\">Naturzauber: Zaubern mit Kartoffeln<\/figcaption><\/figure>\n\n\n\n<figure class=\"wp-block-image size-large\"><img loading=\"lazy\" decoding=\"async\" width=\"1024\" height=\"768\" data-id=\"1015\" src=\"https:\/\/lernspatzen.de\/wp-content\/uploads\/2020\/10\/IMG-20201016-WA0014-1024x768.jpg\" alt=\"\" class=\"wp-image-1015\" srcset=\"https:\/\/lernspatzen.de\/wp-content\/uploads\/2020\/10\/IMG-20201016-WA0014-1024x768.jpg 1024w, https:\/\/lernspatzen.de\/wp-content\/uploads\/2020\/10\/IMG-20201016-WA0014-300x225.jpg 300w, https:\/\/lernspatzen.de\/wp-content\/uploads\/2020\/10\/IMG-20201016-WA0014-768x576.jpg 768w, https:\/\/lernspatzen.de\/wp-content\/uploads\/2020\/10\/IMG-20201016-WA0014-1536x1152.jpg 1536w, https:\/\/lernspatzen.de\/wp-content\/uploads\/2020\/10\/IMG-20201016-WA0014.jpg 1600w\" sizes=\"auto, (max-width: 1024px) 100vw, 1024px\" \/><figcaption class=\"wp-element-caption\">Naturzauber<\/figcaption><\/figure>\n\n\n\n<figure class=\"wp-block-image size-large\"><img loading=\"lazy\" decoding=\"async\" width=\"1024\" height=\"768\" data-id=\"1012\" src=\"https:\/\/lernspatzen.de\/wp-content\/uploads\/2020\/10\/IMG-20201016-WA0001-1024x768.jpg\" alt=\"\" class=\"wp-image-1012\" srcset=\"https:\/\/lernspatzen.de\/wp-content\/uploads\/2020\/10\/IMG-20201016-WA0001-1024x768.jpg 1024w, https:\/\/lernspatzen.de\/wp-content\/uploads\/2020\/10\/IMG-20201016-WA0001-300x225.jpg 300w, https:\/\/lernspatzen.de\/wp-content\/uploads\/2020\/10\/IMG-20201016-WA0001-768x576.jpg 768w, https:\/\/lernspatzen.de\/wp-content\/uploads\/2020\/10\/IMG-20201016-WA0001.jpg 1291w\" sizes=\"auto, (max-width: 1024px) 100vw, 1024px\" \/><figcaption class=\"wp-element-caption\">Naturdetektive<\/figcaption><\/figure>\n\n\n\n<figure class=\"wp-block-image size-large\"><img loading=\"lazy\" decoding=\"async\" width=\"768\" height=\"1024\" data-id=\"1011\" src=\"https:\/\/lernspatzen.de\/wp-content\/uploads\/2020\/10\/IMG-20201016-WA0002-768x1024.jpg\" alt=\"\" class=\"wp-image-1011\" srcset=\"https:\/\/lernspatzen.de\/wp-content\/uploads\/2020\/10\/IMG-20201016-WA0002-768x1024.jpg 768w, https:\/\/lernspatzen.de\/wp-content\/uploads\/2020\/10\/IMG-20201016-WA0002-225x300.jpg 225w, https:\/\/lernspatzen.de\/wp-content\/uploads\/2020\/10\/IMG-20201016-WA0002-1152x1536.jpg 1152w, https:\/\/lernspatzen.de\/wp-content\/uploads\/2020\/10\/IMG-20201016-WA0002.jpg 1200w\" sizes=\"auto, (max-width: 768px) 100vw, 768px\" \/><figcaption class=\"wp-element-caption\">junge Handwerker: Bogen bauen<\/figcaption><\/figure>\n\n\n\n<figure class=\"wp-block-image size-large\"><img loading=\"lazy\" decoding=\"async\" width=\"1024\" height=\"785\" data-id=\"1010\" src=\"https:\/\/lernspatzen.de\/wp-content\/uploads\/2020\/10\/IMG-20201016-WA0003-1024x785.jpg\" alt=\"\" class=\"wp-image-1010\" srcset=\"https:\/\/lernspatzen.de\/wp-content\/uploads\/2020\/10\/IMG-20201016-WA0003-1024x785.jpg 1024w, https:\/\/lernspatzen.de\/wp-content\/uploads\/2020\/10\/IMG-20201016-WA0003-300x230.jpg 300w, https:\/\/lernspatzen.de\/wp-content\/uploads\/2020\/10\/IMG-20201016-WA0003-768x589.jpg 768w, https:\/\/lernspatzen.de\/wp-content\/uploads\/2020\/10\/IMG-20201016-WA0003-1536x1178.jpg 1536w, https:\/\/lernspatzen.de\/wp-content\/uploads\/2020\/10\/IMG-20201016-WA0003.jpg 1600w\" sizes=\"auto, (max-width: 1024px) 100vw, 1024px\" \/><figcaption class=\"wp-element-caption\">Fu\u00dfball-AG<\/figcaption><\/figure>\n\n\n\n<figure class=\"wp-block-image size-large\"><img loading=\"lazy\" decoding=\"async\" width=\"1024\" height=\"781\" data-id=\"1008\" src=\"https:\/\/lernspatzen.de\/wp-content\/uploads\/2020\/10\/IMG-20201016-WA0005-1024x781.jpg\" alt=\"\" class=\"wp-image-1008\" srcset=\"https:\/\/lernspatzen.de\/wp-content\/uploads\/2020\/10\/IMG-20201016-WA0005-1024x781.jpg 1024w, https:\/\/lernspatzen.de\/wp-content\/uploads\/2020\/10\/IMG-20201016-WA0005-300x229.jpg 300w, https:\/\/lernspatzen.de\/wp-content\/uploads\/2020\/10\/IMG-20201016-WA0005-768x586.jpg 768w, https:\/\/lernspatzen.de\/wp-content\/uploads\/2020\/10\/IMG-20201016-WA0005-1536x1172.jpg 1536w, https:\/\/lernspatzen.de\/wp-content\/uploads\/2020\/10\/IMG-20201016-WA0005.jpg 1600w\" sizes=\"auto, (max-width: 1024px) 100vw, 1024px\" \/><figcaption class=\"wp-element-caption\">Fu\u00dfball-AG<\/figcaption><\/figure>\n\n\n\n<figure class=\"wp-block-image size-large\"><img loading=\"lazy\" decoding=\"async\" width=\"1024\" height=\"764\" data-id=\"1007\" src=\"https:\/\/lernspatzen.de\/wp-content\/uploads\/2020\/10\/IMG-20201016-WA0006-1024x764.jpg\" alt=\"\" class=\"wp-image-1007\" srcset=\"https:\/\/lernspatzen.de\/wp-content\/uploads\/2020\/10\/IMG-20201016-WA0006-1024x764.jpg 1024w, https:\/\/lernspatzen.de\/wp-content\/uploads\/2020\/10\/IMG-20201016-WA0006-300x224.jpg 300w, https:\/\/lernspatzen.de\/wp-content\/uploads\/2020\/10\/IMG-20201016-WA0006-768x573.jpg 768w, https:\/\/lernspatzen.de\/wp-content\/uploads\/2020\/10\/IMG-20201016-WA0006.jpg 1423w\" sizes=\"auto, (max-width: 1024px) 100vw, 1024px\" \/><figcaption class=\"wp-element-caption\">Kunterbunt<\/figcaption><\/figure>\n\n\n\n<figure class=\"wp-block-image size-large\"><img loading=\"lazy\" decoding=\"async\" width=\"768\" height=\"1024\" data-id=\"1006\" src=\"https:\/\/lernspatzen.de\/wp-content\/uploads\/2020\/10\/IMG-20201016-WA0008-768x1024.jpg\" alt=\"\" class=\"wp-image-1006\" srcset=\"https:\/\/lernspatzen.de\/wp-content\/uploads\/2020\/10\/IMG-20201016-WA0008-768x1024.jpg 768w, https:\/\/lernspatzen.de\/wp-content\/uploads\/2020\/10\/IMG-20201016-WA0008-225x300.jpg 225w, https:\/\/lernspatzen.de\/wp-content\/uploads\/2020\/10\/IMG-20201016-WA0008-1152x1536.jpg 1152w, https:\/\/lernspatzen.de\/wp-content\/uploads\/2020\/10\/IMG-20201016-WA0008.jpg 1200w\" sizes=\"auto, (max-width: 768px) 100vw, 768px\" \/><figcaption class=\"wp-element-caption\">Kunterbunt<\/figcaption><\/figure>\n\n\n\n<figure class=\"wp-block-image size-large\"><img loading=\"lazy\" decoding=\"async\" width=\"1024\" height=\"768\" data-id=\"1005\" src=\"https:\/\/lernspatzen.de\/wp-content\/uploads\/2020\/10\/IMG-20201016-WA0009-1024x768.jpg\" alt=\"\" class=\"wp-image-1005\" srcset=\"https:\/\/lernspatzen.de\/wp-content\/uploads\/2020\/10\/IMG-20201016-WA0009-1024x768.jpg 1024w, https:\/\/lernspatzen.de\/wp-content\/uploads\/2020\/10\/IMG-20201016-WA0009-300x225.jpg 300w, https:\/\/lernspatzen.de\/wp-content\/uploads\/2020\/10\/IMG-20201016-WA0009-768x576.jpg 768w, https:\/\/lernspatzen.de\/wp-content\/uploads\/2020\/10\/IMG-20201016-WA0009-1536x1152.jpg 1536w, https:\/\/lernspatzen.de\/wp-content\/uploads\/2020\/10\/IMG-20201016-WA0009.jpg 1600w\" sizes=\"auto, (max-width: 1024px) 100vw, 1024px\" \/><figcaption class=\"wp-element-caption\">Yoga<\/figcaption><\/figure>\n\n\n\n<figure class=\"wp-block-image size-large\"><img loading=\"lazy\" decoding=\"async\" width=\"850\" height=\"1024\" data-id=\"1033\" src=\"https:\/\/lernspatzen.de\/wp-content\/uploads\/2020\/10\/IMG-20201016-WA0004-1-850x1024.jpg\" alt=\"\" class=\"wp-image-1033\" srcset=\"https:\/\/lernspatzen.de\/wp-content\/uploads\/2020\/10\/IMG-20201016-WA0004-1-850x1024.jpg 850w, https:\/\/lernspatzen.de\/wp-content\/uploads\/2020\/10\/IMG-20201016-WA0004-1-249x300.jpg 249w, https:\/\/lernspatzen.de\/wp-content\/uploads\/2020\/10\/IMG-20201016-WA0004-1-768x925.jpg 768w, https:\/\/lernspatzen.de\/wp-content\/uploads\/2020\/10\/IMG-20201016-WA0004-1-1275x1536.jpg 1275w, https:\/\/lernspatzen.de\/wp-content\/uploads\/2020\/10\/IMG-20201016-WA0004-1.jpg 1328w\" sizes=\"auto, (max-width: 850px) 100vw, 850px\" \/><figcaption class=\"wp-element-caption\">Tastschreiben<\/figcaption><\/figure>\n<\/figure>\n\n\n\n<hr class=\"wp-block-separator has-css-opacity is-style-wide\"\/>\n\n\n\n<p class=\"has-text-align-center\"><strong>Klub am Freitag Nachmittag<\/strong>:<\/p>\n\n\n\n<figure class=\"wp-block-image\"><img loading=\"lazy\" decoding=\"async\" width=\"1024\" height=\"497\" src=\"https:\/\/lernspatzen.de\/wp-content\/uploads\/2020\/01\/IMG-20181121-WA0019-1024x497.jpg\" alt=\"\" class=\"wp-image-327\" srcset=\"https:\/\/lernspatzen.de\/wp-content\/uploads\/2020\/01\/IMG-20181121-WA0019-1024x497.jpg 1024w, https:\/\/lernspatzen.de\/wp-content\/uploads\/2020\/01\/IMG-20181121-WA0019-300x146.jpg 300w, https:\/\/lernspatzen.de\/wp-content\/uploads\/2020\/01\/IMG-20181121-WA0019-768x373.jpg 768w, https:\/\/lernspatzen.de\/wp-content\/uploads\/2020\/01\/IMG-20181121-WA0019.jpg 1600w\" sizes=\"auto, (max-width: 1024px) 100vw, 1024px\" \/><\/figure>\n\n\n\n<p>Das Angebot am Freitag wird von unseren Kindern immer sehr gern angenommen. Nach Ideen und W\u00fcnschen der Kinder bieten wir Erzieherinnen verschiedene Aktivit\u00e4ten an. Besonders beliebt sind dabei kreative Angebote, Disco, Sportspiele und Computerarbeit. Nat\u00fcrlich wird auch gern mal auf dem Sofa gel\u00fcmmelt und gefaulenzt.<\/p>\n\n\n\n<figure class=\"wp-block-gallery has-nested-images columns-default is-cropped wp-block-gallery-2 is-layout-flex wp-block-gallery-is-layout-flex\">\n<figure class=\"wp-block-image size-large\"><img loading=\"lazy\" decoding=\"async\" width=\"1024\" height=\"768\" data-id=\"329\" src=\"https:\/\/lernspatzen.de\/wp-content\/uploads\/2020\/01\/IMG-20181121-WA0029-1024x768.jpg\" alt=\"\" class=\"wp-image-329\" srcset=\"https:\/\/lernspatzen.de\/wp-content\/uploads\/2020\/01\/IMG-20181121-WA0029.jpg 1024w, https:\/\/lernspatzen.de\/wp-content\/uploads\/2020\/01\/IMG-20181121-WA0029-300x225.jpg 300w, https:\/\/lernspatzen.de\/wp-content\/uploads\/2020\/01\/IMG-20181121-WA0029-768x576.jpg 768w\" sizes=\"auto, (max-width: 1024px) 100vw, 1024px\" \/><\/figure>\n\n\n\n<figure class=\"wp-block-image size-large\"><img loading=\"lazy\" decoding=\"async\" width=\"1024\" height=\"768\" data-id=\"334\" src=\"https:\/\/lernspatzen.de\/wp-content\/uploads\/2020\/01\/SL374590-1024x768.jpg\" alt=\"\" class=\"wp-image-334\" srcset=\"https:\/\/lernspatzen.de\/wp-content\/uploads\/2020\/01\/SL374590-1024x768.jpg 1024w, https:\/\/lernspatzen.de\/wp-content\/uploads\/2020\/01\/SL374590-300x225.jpg 300w, https:\/\/lernspatzen.de\/wp-content\/uploads\/2020\/01\/SL374590-768x576.jpg 768w\" sizes=\"auto, (max-width: 1024px) 100vw, 1024px\" \/><\/figure>\n\n\n\n<figure class=\"wp-block-image size-large\"><img loading=\"lazy\" decoding=\"async\" width=\"1024\" height=\"768\" data-id=\"333\" src=\"https:\/\/lernspatzen.de\/wp-content\/uploads\/2020\/01\/IMG-20191119-WA0019-1024x768.jpg\" alt=\"\" class=\"wp-image-333\" srcset=\"https:\/\/lernspatzen.de\/wp-content\/uploads\/2020\/01\/IMG-20191119-WA0019-1024x768.jpg 1024w, https:\/\/lernspatzen.de\/wp-content\/uploads\/2020\/01\/IMG-20191119-WA0019-300x225.jpg 300w, https:\/\/lernspatzen.de\/wp-content\/uploads\/2020\/01\/IMG-20191119-WA0019-768x576.jpg 768w, https:\/\/lernspatzen.de\/wp-content\/uploads\/2020\/01\/IMG-20191119-WA0019.jpg 1600w\" sizes=\"auto, (max-width: 1024px) 100vw, 1024px\" \/><\/figure>\n<\/figure>\n","protected":false},"excerpt":{"rendered":"<p>Klub am Freitag Nachmittag: Das Angebot am Freitag wird von unseren Kindern immer sehr gern angenommen. Nach Ideen und W\u00fcnschen der Kinder bieten wir Erzieherinnen verschiedene Aktivit\u00e4ten an. Besonders beliebt sind dabei kreative Angebote, Disco, Sportspiele und Computerarbeit. Nat\u00fcrlich wird auch gern mal auf dem Sofa gel\u00fcmmelt und gefaulenzt.<\/p>\n","protected":false},"author":1,"featured_media":0,"parent":0,"menu_order":0,"comment_status":"closed","ping_status":"closed","template":"","meta":{"footnotes":""},"class_list":["post-88","page","type-page","status-publish","hentry"],"_links":{"self":[{"href":"https:\/\/lernspatzen.de\/index.php?rest_route=\/wp\/v2\/pages\/88","targetHints":{"allow":["GET"]}}],"collection":[{"href":"https:\/\/lernspatzen.de\/index.php?rest_route=\/wp\/v2\/pages"}],"about":[{"href":"https:\/\/lernspatzen.de\/index.php?rest_route=\/wp\/v2\/types\/page"}],"author":[{"embeddable":true,"href":"https:\/\/lernspatzen.de\/index.php?rest_route=\/wp\/v2\/users\/1"}],"replies":[{"embeddable":true,"href":"https:\/\/lernspatzen.de\/index.php?rest_route=%2Fwp%2Fv2%2Fcomments&post=88"}],"version-history":[{"count":17,"href":"https:\/\/lernspatzen.de\/index.php?rest_route=\/wp\/v2\/pages\/88\/revisions"}],"predecessor-version":[{"id":2488,"href":"https:\/\/lernspatzen.de\/index.php?rest_route=\/wp\/v2\/pages\/88\/revisions\/2488"}],"wp:attachment":[{"href":"https:\/\/lernspatzen.de\/index.php?rest_route=%2Fwp%2Fv2%2Fmedia&parent=88"}],"curies":[{"name":"wp","href":"https:\/\/api.w.org\/{rel}","templated":true}]}}