{"id":792,"date":"2020-08-29T09:10:50","date_gmt":"2020-08-29T09:10:50","guid":{"rendered":"https:\/\/lernspatzen.de\/?page_id=792"},"modified":"2025-12-23T05:26:23","modified_gmt":"2025-12-23T05:26:23","slug":"schulsozialarbeit","status":"publish","type":"page","link":"https:\/\/lernspatzen.de\/?page_id=792","title":{"rendered":"Schulsozialarbeit"},"content":{"rendered":"<div class=\"wp-block-image\">\n<figure class=\"aligncenter is-resized\"><img loading=\"lazy\" decoding=\"async\" width=\"819\" height=\"1024\" src=\"https:\/\/lernspatzen.de\/wp-content\/uploads\/2020\/08\/jentsch-819x1024.jpg\" alt=\"\" class=\"wp-image-794\" style=\"width:305px;height:382px\" srcset=\"https:\/\/lernspatzen.de\/wp-content\/uploads\/2020\/08\/jentsch-819x1024.jpg 819w, https:\/\/lernspatzen.de\/wp-content\/uploads\/2020\/08\/jentsch-240x300.jpg 240w, https:\/\/lernspatzen.de\/wp-content\/uploads\/2020\/08\/jentsch-768x960.jpg 768w, https:\/\/lernspatzen.de\/wp-content\/uploads\/2020\/08\/jentsch.jpg 1200w\" sizes=\"auto, (max-width: 819px) 100vw, 819px\" \/><figcaption class=\"wp-element-caption\">Schulsozialarbeiterin Ulrike Jentsch<br>Jugendf\u00f6rderverein Saalfeld-Rudolstadt e.V.<br>Mobil: 0159 &#8211; 01826630<br>E-Mail: ulrike.jentsch@jufoe.net<br>Sprechzeiten: Mo &#8211; Fr 8.30 &#8211; 14.30 Uhr <br>oder nach Vereinbarung &#8211; Raum 42<\/figcaption><\/figure>\n<\/div>\n\n<div class=\"wp-block-image\">\n<figure class=\"aligncenter size-large is-resized\"><img loading=\"lazy\" decoding=\"async\" width=\"499\" height=\"477\" src=\"https:\/\/lernspatzen.de\/wp-content\/uploads\/2020\/09\/452.103-004_003_Logo-SA-Lk-Slf-Ru-mit-SchattenP000440001.jpg\" alt=\"\" class=\"wp-image-871\" style=\"width:169px;height:162px\" srcset=\"https:\/\/lernspatzen.de\/wp-content\/uploads\/2020\/09\/452.103-004_003_Logo-SA-Lk-Slf-Ru-mit-SchattenP000440001.jpg 499w, https:\/\/lernspatzen.de\/wp-content\/uploads\/2020\/09\/452.103-004_003_Logo-SA-Lk-Slf-Ru-mit-SchattenP000440001-300x287.jpg 300w\" sizes=\"auto, (max-width: 499px) 100vw, 499px\" \/><\/figure>\n<\/div>\n\n\n<p class=\"has-text-align-center\">Schulsozialarbeit im Landkreis Saalfeld-Rudolstadt <\/p>\n\n\n<div class=\"wp-block-image\">\n<figure class=\"aligncenter size-large is-resized\"><img loading=\"lazy\" decoding=\"async\" width=\"1024\" height=\"277\" src=\"https:\/\/lernspatzen.de\/wp-content\/uploads\/2025\/12\/452.103-004_003_Logo_LKSR_Farbe_600dpi_freigestellt-P000851055-1-1024x277.jpg\" alt=\"\" class=\"wp-image-2599\" style=\"aspect-ratio:3.696878008527025;width:354px;height:auto\" srcset=\"https:\/\/lernspatzen.de\/wp-content\/uploads\/2025\/12\/452.103-004_003_Logo_LKSR_Farbe_600dpi_freigestellt-P000851055-1-1024x277.jpg 1024w, https:\/\/lernspatzen.de\/wp-content\/uploads\/2025\/12\/452.103-004_003_Logo_LKSR_Farbe_600dpi_freigestellt-P000851055-1-300x81.jpg 300w, https:\/\/lernspatzen.de\/wp-content\/uploads\/2025\/12\/452.103-004_003_Logo_LKSR_Farbe_600dpi_freigestellt-P000851055-1-768x208.jpg 768w, https:\/\/lernspatzen.de\/wp-content\/uploads\/2025\/12\/452.103-004_003_Logo_LKSR_Farbe_600dpi_freigestellt-P000851055-1-1536x416.jpg 1536w, https:\/\/lernspatzen.de\/wp-content\/uploads\/2025\/12\/452.103-004_003_Logo_LKSR_Farbe_600dpi_freigestellt-P000851055-1-2048x554.jpg 2048w\" sizes=\"auto, (max-width: 1024px) 100vw, 1024px\" \/><\/figure>\n<\/div>\n\n\n<p class=\"has-text-align-center\">soll jungen Menschen mit Fachwissen aber auch mit Geduld und Zuneigung helfen, soziale Benachteiligungen, individuelle Beeintr\u00e4chtigungen bzw. unabwendbare Entt\u00e4uschungen zu \u00fcberwinden.<br>Schulbezogene Jugendsozialarbeit versteht sich als Kooperation von Schul- und Sozialp\u00e4dagogik, und zielt ab auf:<\/p>\n\n\n\n<ul class=\"wp-block-list\">\n<li>die St\u00e4rkung der Pers\u00f6nlichkeit der hilfesuchenden jungen Menschen<\/li>\n\n\n\n<li>die Vermittlung lebenswichtiger sozialer Kompetenzen<\/li>\n\n\n\n<li>und damit auf die Verbesserung der beruflichen Chancen<\/li>\n<\/ul>\n\n\n\n<p>F\u00fcr wen ist Schulsozialarbeit da ?<br>Das Angebot richtet sich in erster Linie an alle Sch\u00fclerinnen und Sch\u00fcler der Schule, deren Eltern bzw. Erziehungsberechtigte, aber nat\u00fcrlich auch alle Lehrer\/innen sowie p\u00e4dagogische Fachkr\u00e4fte vor Ort.<\/p>\n\n\n\n<p>Arbeitsschwerpunkte:<\/p>\n\n\n\n<ul class=\"wp-block-list\">\n<li>Sozialp\u00e4dagogische Beratung \/ Einzelfallhilfe \/ Krisenintervention \/ Kinderschutz<\/li>\n\n\n\n<li>Gruppenangebote \/ Projekte \/ Pr\u00e4vention<\/li>\n\n\n\n<li>Freizeitbereich (Hort) \/ Freizeitp\u00e4dagogische Angebote<\/li>\n\n\n\n<li>Elternarbeit<\/li>\n\n\n\n<li>Kooperation innerhalb und au\u00dferhalb der Schule<\/li>\n<\/ul>\n\n\n<div class=\"wp-block-image\">\n<figure class=\"aligncenter size-large is-resized\"><img loading=\"lazy\" decoding=\"async\" width=\"1024\" height=\"237\" src=\"https:\/\/lernspatzen.de\/wp-content\/uploads\/2025\/12\/452.103-004_003_TH_TMSGAF_rgb_mitte-P002247163-1-1024x237.jpg\" alt=\"\" class=\"wp-image-2598\" style=\"aspect-ratio:4.320848738144993;width:362px;height:auto\" srcset=\"https:\/\/lernspatzen.de\/wp-content\/uploads\/2025\/12\/452.103-004_003_TH_TMSGAF_rgb_mitte-P002247163-1-1024x237.jpg 1024w, https:\/\/lernspatzen.de\/wp-content\/uploads\/2025\/12\/452.103-004_003_TH_TMSGAF_rgb_mitte-P002247163-1-300x70.jpg 300w, https:\/\/lernspatzen.de\/wp-content\/uploads\/2025\/12\/452.103-004_003_TH_TMSGAF_rgb_mitte-P002247163-1-768x178.jpg 768w, https:\/\/lernspatzen.de\/wp-content\/uploads\/2025\/12\/452.103-004_003_TH_TMSGAF_rgb_mitte-P002247163-1.jpg 1109w\" sizes=\"auto, (max-width: 1024px) 100vw, 1024px\" \/><\/figure>\n<\/div>\n\n\n<p class=\"has-medium-font-size\">\u201eMit einander geht es besser\u201c <br>lautete das Motto unserer Projektwoche vom 22.03. bis 25.03.2022. In diesen vier Tagen, war ein vierk\u00f6pfiges Team des Vereins \u201eCreative Change e.V.\u201c in der Saalfelder Grundschule \u201eAm Roten Berg\u201c zu Gast.&nbsp;<\/p>\n\n\n\n<p>Die Teamer Christina, Melissa, Hannah und Nepomuk waren von Dienstag bis Freitag t\u00e4glich vier Stunden im Haus und arbeiteten jeweils 60 Minuten mit den dritten und vierten Klassen. \u201eAct Now 22\u201c nennt sich das theaterp\u00e4dagogische Programm, in dem unterschiedliche gesellschaftliche Herausforderungen in Theaterszenen bis zum H\u00f6hepunkt eines Dilemmas dargestellt werden, um anschlie\u00dfend in der Kollegialen Fallberatung Handlungsstrategien f\u00fcr die Protagonist*innen zu entwickeln und diese zu trainieren. Ziele dieser Projekttage sind unter anderem die F\u00f6rderung einer vorurteilsfreien Gesellschaft, die ein harmonisches Zusammenleben aller Menschen jeglicher ethnischen, kulturellen oder religi\u00f6sen Herkunft erm\u00f6glicht.&nbsp;<\/p>\n\n\n\n<p>In unseren Klassen drei und vier waren die angesprochenen Themen Demokratie, Ermutigung, Ehrlichkeit, Freundschaft und Offenheit.&nbsp;<\/p>\n\n\n\n<p>Die ausschlie\u00dflich als Beobachter*innen agierenden Lehrkr\u00e4fte konnten beobachten, wie die Kinder schon ab dem zweiten Projekttag ein Gef\u00fchl f\u00fcr das Konzept entwickelten und in Kleingruppen gemeinsam an der L\u00f6sung des jeweiligen Konflikts arbeiteten. Im Anschluss ersetzte eine Sch\u00fclerin oder ein Sch\u00fcler einen der Schauspieler*innen und brachte einen der erarbeiteten L\u00f6sungsans\u00e4tze schauspielerisch mit ein. Eine beispielhafte Szene spielte in einem Klassenraum und thematisierte Mobbing, L\u00e4stern und Gruppenzwang.&nbsp;<\/p>\n\n\n\n<p>Dem Gro\u00dfteil der Kinder war der Spa\u00df, aber auch die anhaltende Aufmerksamkeit an der Sache, durchaus anzumerken. In der Pause stellten einige Sch\u00fcler*innen, die kurz vorher aufgef\u00fchrten Theaterszenen nochmals nach \u2013 toll zu sehen und ein gutes Zeichen.&nbsp;<\/p>\n\n\n\n<p>Ein gro\u00dfes Dankesch\u00f6n f\u00fcr die Realisierung dieses vollends gelungenen Projekts gilt, neben dem Team von \u201eCreative Change\u201c auch unserer Schulsozialarbeiterin Ulrike Jentsch, sowie dem Bundesprogramm \u201eDemokratie leben\u201c, welches das Projekt finanzierte.&nbsp;<\/p>\n\n\n\n<p>Frau Jentsch hofft schon jetzt, dass auch die jetzigen Erst- und Zweitkl\u00e4ssler in zwei Jahren wieder die M\u00f6glichkeit haben, zu erfahren, dass es \u201eMit einander besser geht\u201c!<\/p>\n\n\n\n<p>Jakob Drechsler<br>Praktikant im Jugendf\u00f6rderverein Saalfeld-Rudolstadt e.V.<\/p>\n\n\n\n<figure class=\"wp-block-gallery has-nested-images columns-default is-cropped wp-block-gallery-1 is-layout-flex wp-block-gallery-is-layout-flex\">\n<figure class=\"wp-block-image size-large\"><img loading=\"lazy\" decoding=\"async\" width=\"1024\" height=\"768\" data-id=\"1917\" src=\"https:\/\/lernspatzen.de\/wp-content\/uploads\/2022\/04\/IMG_20220323_090817-1024x768.jpg\" alt=\"\" class=\"wp-image-1917\" srcset=\"https:\/\/lernspatzen.de\/wp-content\/uploads\/2022\/04\/IMG_20220323_090817-1024x768.jpg 1024w, https:\/\/lernspatzen.de\/wp-content\/uploads\/2022\/04\/IMG_20220323_090817-300x225.jpg 300w, https:\/\/lernspatzen.de\/wp-content\/uploads\/2022\/04\/IMG_20220323_090817-768x576.jpg 768w, https:\/\/lernspatzen.de\/wp-content\/uploads\/2022\/04\/IMG_20220323_090817-1536x1152.jpg 1536w, https:\/\/lernspatzen.de\/wp-content\/uploads\/2022\/04\/IMG_20220323_090817-2048x1536.jpg 2048w\" sizes=\"auto, (max-width: 1024px) 100vw, 1024px\" \/><\/figure>\n\n\n\n<figure class=\"wp-block-image size-large\"><img loading=\"lazy\" decoding=\"async\" width=\"1024\" height=\"768\" data-id=\"1918\" src=\"https:\/\/lernspatzen.de\/wp-content\/uploads\/2022\/04\/IMG_20220324_083435-1024x768.jpg\" alt=\"\" class=\"wp-image-1918\" srcset=\"https:\/\/lernspatzen.de\/wp-content\/uploads\/2022\/04\/IMG_20220324_083435-1024x768.jpg 1024w, https:\/\/lernspatzen.de\/wp-content\/uploads\/2022\/04\/IMG_20220324_083435-300x225.jpg 300w, https:\/\/lernspatzen.de\/wp-content\/uploads\/2022\/04\/IMG_20220324_083435-768x576.jpg 768w, https:\/\/lernspatzen.de\/wp-content\/uploads\/2022\/04\/IMG_20220324_083435-1536x1152.jpg 1536w, https:\/\/lernspatzen.de\/wp-content\/uploads\/2022\/04\/IMG_20220324_083435-2048x1536.jpg 2048w\" sizes=\"auto, (max-width: 1024px) 100vw, 1024px\" \/><\/figure>\n\n\n\n<figure class=\"wp-block-image size-large\"><img loading=\"lazy\" decoding=\"async\" width=\"1024\" height=\"768\" data-id=\"1919\" src=\"https:\/\/lernspatzen.de\/wp-content\/uploads\/2022\/04\/IMG_20220322_111925-1024x768.jpg\" alt=\"\" class=\"wp-image-1919\" srcset=\"https:\/\/lernspatzen.de\/wp-content\/uploads\/2022\/04\/IMG_20220322_111925-1024x768.jpg 1024w, https:\/\/lernspatzen.de\/wp-content\/uploads\/2022\/04\/IMG_20220322_111925-300x225.jpg 300w, https:\/\/lernspatzen.de\/wp-content\/uploads\/2022\/04\/IMG_20220322_111925-768x576.jpg 768w, https:\/\/lernspatzen.de\/wp-content\/uploads\/2022\/04\/IMG_20220322_111925-1536x1152.jpg 1536w, https:\/\/lernspatzen.de\/wp-content\/uploads\/2022\/04\/IMG_20220322_111925-2048x1536.jpg 2048w\" sizes=\"auto, (max-width: 1024px) 100vw, 1024px\" \/><\/figure>\n\n\n\n<figure class=\"wp-block-image size-large\"><img loading=\"lazy\" decoding=\"async\" width=\"1024\" height=\"768\" data-id=\"1920\" src=\"https:\/\/lernspatzen.de\/wp-content\/uploads\/2022\/04\/IMG_20220323_120510-1024x768.jpg\" alt=\"\" class=\"wp-image-1920\" srcset=\"https:\/\/lernspatzen.de\/wp-content\/uploads\/2022\/04\/IMG_20220323_120510-1024x768.jpg 1024w, https:\/\/lernspatzen.de\/wp-content\/uploads\/2022\/04\/IMG_20220323_120510-300x225.jpg 300w, https:\/\/lernspatzen.de\/wp-content\/uploads\/2022\/04\/IMG_20220323_120510-768x576.jpg 768w, https:\/\/lernspatzen.de\/wp-content\/uploads\/2022\/04\/IMG_20220323_120510-1536x1152.jpg 1536w, https:\/\/lernspatzen.de\/wp-content\/uploads\/2022\/04\/IMG_20220323_120510-2048x1536.jpg 2048w\" sizes=\"auto, (max-width: 1024px) 100vw, 1024px\" \/><\/figure>\n\n\n\n<figure class=\"wp-block-image size-large\"><img loading=\"lazy\" decoding=\"async\" width=\"1024\" height=\"768\" data-id=\"1921\" src=\"https:\/\/lernspatzen.de\/wp-content\/uploads\/2022\/04\/IMG_20220323_093355-1024x768.jpg\" alt=\"\" class=\"wp-image-1921\" srcset=\"https:\/\/lernspatzen.de\/wp-content\/uploads\/2022\/04\/IMG_20220323_093355-1024x768.jpg 1024w, https:\/\/lernspatzen.de\/wp-content\/uploads\/2022\/04\/IMG_20220323_093355-300x225.jpg 300w, https:\/\/lernspatzen.de\/wp-content\/uploads\/2022\/04\/IMG_20220323_093355-768x576.jpg 768w, https:\/\/lernspatzen.de\/wp-content\/uploads\/2022\/04\/IMG_20220323_093355-1536x1152.jpg 1536w, https:\/\/lernspatzen.de\/wp-content\/uploads\/2022\/04\/IMG_20220323_093355-2048x1536.jpg 2048w\" sizes=\"auto, (max-width: 1024px) 100vw, 1024px\" \/><\/figure>\n\n\n\n<figure class=\"wp-block-image size-large\"><img loading=\"lazy\" decoding=\"async\" width=\"1024\" height=\"703\" data-id=\"1922\" src=\"https:\/\/lernspatzen.de\/wp-content\/uploads\/2022\/04\/IMG_20220331_090916-1024x703.jpg\" alt=\"\" class=\"wp-image-1922\" srcset=\"https:\/\/lernspatzen.de\/wp-content\/uploads\/2022\/04\/IMG_20220331_090916-1024x703.jpg 1024w, https:\/\/lernspatzen.de\/wp-content\/uploads\/2022\/04\/IMG_20220331_090916-300x206.jpg 300w, https:\/\/lernspatzen.de\/wp-content\/uploads\/2022\/04\/IMG_20220331_090916-768x527.jpg 768w, https:\/\/lernspatzen.de\/wp-content\/uploads\/2022\/04\/IMG_20220331_090916-1536x1055.jpg 1536w, https:\/\/lernspatzen.de\/wp-content\/uploads\/2022\/04\/IMG_20220331_090916-2048x1406.jpg 2048w\" sizes=\"auto, (max-width: 1024px) 100vw, 1024px\" \/><\/figure>\n\n\n\n<figure class=\"wp-block-image size-large\"><img loading=\"lazy\" decoding=\"async\" width=\"1024\" height=\"690\" data-id=\"1923\" src=\"https:\/\/lernspatzen.de\/wp-content\/uploads\/2022\/04\/IMG_20220331_090810-1024x690.jpg\" alt=\"\" class=\"wp-image-1923\" srcset=\"https:\/\/lernspatzen.de\/wp-content\/uploads\/2022\/04\/IMG_20220331_090810-1024x690.jpg 1024w, https:\/\/lernspatzen.de\/wp-content\/uploads\/2022\/04\/IMG_20220331_090810-300x202.jpg 300w, https:\/\/lernspatzen.de\/wp-content\/uploads\/2022\/04\/IMG_20220331_090810-768x517.jpg 768w, https:\/\/lernspatzen.de\/wp-content\/uploads\/2022\/04\/IMG_20220331_090810-1536x1035.jpg 1536w, https:\/\/lernspatzen.de\/wp-content\/uploads\/2022\/04\/IMG_20220331_090810-2048x1380.jpg 2048w\" sizes=\"auto, (max-width: 1024px) 100vw, 1024px\" \/><\/figure>\n\n\n\n<figure class=\"wp-block-image size-large\"><img loading=\"lazy\" decoding=\"async\" width=\"1024\" height=\"900\" data-id=\"1924\" src=\"https:\/\/lernspatzen.de\/wp-content\/uploads\/2022\/04\/IMG_20220331_090743-1024x900.jpg\" alt=\"\" class=\"wp-image-1924\" srcset=\"https:\/\/lernspatzen.de\/wp-content\/uploads\/2022\/04\/IMG_20220331_090743-1024x900.jpg 1024w, https:\/\/lernspatzen.de\/wp-content\/uploads\/2022\/04\/IMG_20220331_090743-300x264.jpg 300w, https:\/\/lernspatzen.de\/wp-content\/uploads\/2022\/04\/IMG_20220331_090743-768x675.jpg 768w, https:\/\/lernspatzen.de\/wp-content\/uploads\/2022\/04\/IMG_20220331_090743-1536x1350.jpg 1536w, https:\/\/lernspatzen.de\/wp-content\/uploads\/2022\/04\/IMG_20220331_090743-2048x1800.jpg 2048w\" sizes=\"auto, (max-width: 1024px) 100vw, 1024px\" \/><\/figure>\n\n\n\n<figure class=\"wp-block-image size-large\"><img loading=\"lazy\" decoding=\"async\" width=\"1024\" height=\"768\" data-id=\"1925\" src=\"https:\/\/lernspatzen.de\/wp-content\/uploads\/2022\/04\/IMG_20220322_084533-1024x768.jpg\" alt=\"\" class=\"wp-image-1925\" srcset=\"https:\/\/lernspatzen.de\/wp-content\/uploads\/2022\/04\/IMG_20220322_084533-1024x768.jpg 1024w, https:\/\/lernspatzen.de\/wp-content\/uploads\/2022\/04\/IMG_20220322_084533-300x225.jpg 300w, https:\/\/lernspatzen.de\/wp-content\/uploads\/2022\/04\/IMG_20220322_084533-768x576.jpg 768w, https:\/\/lernspatzen.de\/wp-content\/uploads\/2022\/04\/IMG_20220322_084533-1536x1152.jpg 1536w, https:\/\/lernspatzen.de\/wp-content\/uploads\/2022\/04\/IMG_20220322_084533-2048x1536.jpg 2048w\" sizes=\"auto, (max-width: 1024px) 100vw, 1024px\" \/><\/figure>\n\n\n\n<figure class=\"wp-block-image size-large\"><img loading=\"lazy\" decoding=\"async\" width=\"1024\" height=\"768\" data-id=\"1926\" src=\"https:\/\/lernspatzen.de\/wp-content\/uploads\/2022\/04\/IMG_20220322_104527-1024x768.jpg\" alt=\"\" class=\"wp-image-1926\" srcset=\"https:\/\/lernspatzen.de\/wp-content\/uploads\/2022\/04\/IMG_20220322_104527-1024x768.jpg 1024w, https:\/\/lernspatzen.de\/wp-content\/uploads\/2022\/04\/IMG_20220322_104527-300x225.jpg 300w, https:\/\/lernspatzen.de\/wp-content\/uploads\/2022\/04\/IMG_20220322_104527-768x576.jpg 768w, https:\/\/lernspatzen.de\/wp-content\/uploads\/2022\/04\/IMG_20220322_104527-1536x1152.jpg 1536w, https:\/\/lernspatzen.de\/wp-content\/uploads\/2022\/04\/IMG_20220322_104527-2048x1536.jpg 2048w\" sizes=\"auto, (max-width: 1024px) 100vw, 1024px\" \/><\/figure>\n\n\n\n<figure class=\"wp-block-image size-large\"><img loading=\"lazy\" decoding=\"async\" width=\"1024\" height=\"768\" data-id=\"1927\" src=\"https:\/\/lernspatzen.de\/wp-content\/uploads\/2022\/04\/IMG_20220324_110315-1024x768.jpg\" alt=\"\" class=\"wp-image-1927\" srcset=\"https:\/\/lernspatzen.de\/wp-content\/uploads\/2022\/04\/IMG_20220324_110315-1024x768.jpg 1024w, https:\/\/lernspatzen.de\/wp-content\/uploads\/2022\/04\/IMG_20220324_110315-300x225.jpg 300w, https:\/\/lernspatzen.de\/wp-content\/uploads\/2022\/04\/IMG_20220324_110315-768x576.jpg 768w, https:\/\/lernspatzen.de\/wp-content\/uploads\/2022\/04\/IMG_20220324_110315-1536x1152.jpg 1536w, https:\/\/lernspatzen.de\/wp-content\/uploads\/2022\/04\/IMG_20220324_110315-2048x1536.jpg 2048w\" sizes=\"auto, (max-width: 1024px) 100vw, 1024px\" \/><\/figure>\n\n\n\n<figure class=\"wp-block-image size-large\"><img loading=\"lazy\" decoding=\"async\" width=\"1024\" height=\"768\" data-id=\"1928\" src=\"https:\/\/lernspatzen.de\/wp-content\/uploads\/2022\/04\/IMG_20220325_090030-1024x768.jpg\" alt=\"\" class=\"wp-image-1928\" srcset=\"https:\/\/lernspatzen.de\/wp-content\/uploads\/2022\/04\/IMG_20220325_090030-1024x768.jpg 1024w, https:\/\/lernspatzen.de\/wp-content\/uploads\/2022\/04\/IMG_20220325_090030-300x225.jpg 300w, https:\/\/lernspatzen.de\/wp-content\/uploads\/2022\/04\/IMG_20220325_090030-768x576.jpg 768w, https:\/\/lernspatzen.de\/wp-content\/uploads\/2022\/04\/IMG_20220325_090030-1536x1152.jpg 1536w, https:\/\/lernspatzen.de\/wp-content\/uploads\/2022\/04\/IMG_20220325_090030-2048x1536.jpg 2048w\" sizes=\"auto, (max-width: 1024px) 100vw, 1024px\" \/><\/figure>\n\n\n\n<figure class=\"wp-block-image size-large\"><img loading=\"lazy\" decoding=\"async\" width=\"1024\" height=\"768\" data-id=\"1929\" src=\"https:\/\/lernspatzen.de\/wp-content\/uploads\/2022\/04\/IMG_20220325_110242-1024x768.jpg\" alt=\"\" class=\"wp-image-1929\" srcset=\"https:\/\/lernspatzen.de\/wp-content\/uploads\/2022\/04\/IMG_20220325_110242-1024x768.jpg 1024w, https:\/\/lernspatzen.de\/wp-content\/uploads\/2022\/04\/IMG_20220325_110242-300x225.jpg 300w, https:\/\/lernspatzen.de\/wp-content\/uploads\/2022\/04\/IMG_20220325_110242-768x576.jpg 768w, https:\/\/lernspatzen.de\/wp-content\/uploads\/2022\/04\/IMG_20220325_110242-1536x1152.jpg 1536w, https:\/\/lernspatzen.de\/wp-content\/uploads\/2022\/04\/IMG_20220325_110242-2048x1536.jpg 2048w\" sizes=\"auto, (max-width: 1024px) 100vw, 1024px\" \/><\/figure>\n\n\n\n<figure class=\"wp-block-image size-large\"><img loading=\"lazy\" decoding=\"async\" width=\"1024\" height=\"768\" data-id=\"1930\" src=\"https:\/\/lernspatzen.de\/wp-content\/uploads\/2022\/04\/IMG_20220325_090254-1024x768.jpg\" alt=\"\" class=\"wp-image-1930\" srcset=\"https:\/\/lernspatzen.de\/wp-content\/uploads\/2022\/04\/IMG_20220325_090254-1024x768.jpg 1024w, https:\/\/lernspatzen.de\/wp-content\/uploads\/2022\/04\/IMG_20220325_090254-300x225.jpg 300w, https:\/\/lernspatzen.de\/wp-content\/uploads\/2022\/04\/IMG_20220325_090254-768x576.jpg 768w, https:\/\/lernspatzen.de\/wp-content\/uploads\/2022\/04\/IMG_20220325_090254-1536x1152.jpg 1536w, https:\/\/lernspatzen.de\/wp-content\/uploads\/2022\/04\/IMG_20220325_090254-2048x1536.jpg 2048w\" sizes=\"auto, (max-width: 1024px) 100vw, 1024px\" \/><\/figure>\n\n\n\n<figure class=\"wp-block-image size-large\"><img loading=\"lazy\" decoding=\"async\" width=\"1024\" height=\"768\" data-id=\"1931\" src=\"https:\/\/lernspatzen.de\/wp-content\/uploads\/2022\/04\/IMG_20220325_091537-1024x768.jpg\" alt=\"\" class=\"wp-image-1931\" srcset=\"https:\/\/lernspatzen.de\/wp-content\/uploads\/2022\/04\/IMG_20220325_091537-1024x768.jpg 1024w, https:\/\/lernspatzen.de\/wp-content\/uploads\/2022\/04\/IMG_20220325_091537-300x225.jpg 300w, https:\/\/lernspatzen.de\/wp-content\/uploads\/2022\/04\/IMG_20220325_091537-768x576.jpg 768w, https:\/\/lernspatzen.de\/wp-content\/uploads\/2022\/04\/IMG_20220325_091537-1536x1152.jpg 1536w, https:\/\/lernspatzen.de\/wp-content\/uploads\/2022\/04\/IMG_20220325_091537-2048x1536.jpg 2048w\" sizes=\"auto, (max-width: 1024px) 100vw, 1024px\" \/><\/figure>\n<\/figure>\n","protected":false},"excerpt":{"rendered":"<p>Schulsozialarbeit im Landkreis Saalfeld-Rudolstadt soll jungen Menschen mit Fachwissen aber auch mit Geduld und Zuneigung helfen, soziale Benachteiligungen, individuelle Beeintr\u00e4chtigungen bzw. unabwendbare Entt\u00e4uschungen zu \u00fcberwinden.Schulbezogene Jugendsozialarbeit versteht sich als Kooperation von Schul- und Sozialp\u00e4dagogik, und zielt ab auf: F\u00fcr wen ist Schulsozialarbeit da ?Das Angebot richtet sich in erster Linie an alle Sch\u00fclerinnen und Sch\u00fcler [&hellip;]<\/p>\n","protected":false},"author":1,"featured_media":0,"parent":0,"menu_order":0,"comment_status":"closed","ping_status":"closed","template":"","meta":{"footnotes":""},"class_list":["post-792","page","type-page","status-publish","hentry"],"_links":{"self":[{"href":"https:\/\/lernspatzen.de\/index.php?rest_route=\/wp\/v2\/pages\/792","targetHints":{"allow":["GET"]}}],"collection":[{"href":"https:\/\/lernspatzen.de\/index.php?rest_route=\/wp\/v2\/pages"}],"about":[{"href":"https:\/\/lernspatzen.de\/index.php?rest_route=\/wp\/v2\/types\/page"}],"author":[{"embeddable":true,"href":"https:\/\/lernspatzen.de\/index.php?rest_route=\/wp\/v2\/users\/1"}],"replies":[{"embeddable":true,"href":"https:\/\/lernspatzen.de\/index.php?rest_route=%2Fwp%2Fv2%2Fcomments&post=792"}],"version-history":[{"count":6,"href":"https:\/\/lernspatzen.de\/index.php?rest_route=\/wp\/v2\/pages\/792\/revisions"}],"predecessor-version":[{"id":2601,"href":"https:\/\/lernspatzen.de\/index.php?rest_route=\/wp\/v2\/pages\/792\/revisions\/2601"}],"wp:attachment":[{"href":"https:\/\/lernspatzen.de\/index.php?rest_route=%2Fwp%2Fv2%2Fmedia&parent=792"}],"curies":[{"name":"wp","href":"https:\/\/api.w.org\/{rel}","templated":true}]}}