{"id":76,"date":"2019-11-01T10:03:31","date_gmt":"2019-11-01T10:03:31","guid":{"rendered":"https:\/\/lernspatzen.de\/?page_id=76"},"modified":"2020-09-10T10:44:36","modified_gmt":"2020-09-10T10:44:36","slug":"rundgang","status":"publish","type":"page","link":"https:\/\/lernspatzen.de\/?page_id=76","title":{"rendered":"Unser Schulhaus"},"content":{"rendered":"\n<p>Unser Schulgeb\u00e4ude ist ein sogenannter Plattenbau, der auf eine \u00fcber 50j\u00e4hrige Geschichte zur\u00fcckblicken kann. Eine dadurch in vielen Bereichen notwendige Sanierung wurde uns vom Schultr\u00e4ger zeitnah zugesichert. <br>Das Schulhaus und die Klassen- und Hortr\u00e4ume werden von den Sch\u00fclern und Lehrern durch eigene Sch\u00fclerarbeiten und den Themen im Jahreskreis liebevoll gestaltet.<\/p>\n\n\n\n<ul class=\"wp-block-gallery columns-2 is-cropped wp-block-gallery-1 is-layout-flex wp-block-gallery-is-layout-flex\"><li class=\"blocks-gallery-item\"><figure><img loading=\"lazy\" decoding=\"async\" width=\"1024\" height=\"683\" src=\"https:\/\/lernspatzen.de\/wp-content\/uploads\/2020\/09\/IMG_0325-1024x683.jpg\" alt=\"\" data-id=\"836\" data-link=\"https:\/\/lernspatzen.de\/?attachment_id=836\" class=\"wp-image-836\" srcset=\"https:\/\/lernspatzen.de\/wp-content\/uploads\/2020\/09\/IMG_0325-1024x683.jpg 1024w, https:\/\/lernspatzen.de\/wp-content\/uploads\/2020\/09\/IMG_0325-300x200.jpg 300w, https:\/\/lernspatzen.de\/wp-content\/uploads\/2020\/09\/IMG_0325-768x512.jpg 768w\" sizes=\"auto, (max-width: 1024px) 100vw, 1024px\" \/><\/figure><\/li><li class=\"blocks-gallery-item\"><figure><img loading=\"lazy\" decoding=\"async\" width=\"1024\" height=\"683\" src=\"https:\/\/lernspatzen.de\/wp-content\/uploads\/2020\/09\/IMG_0327-1024x683.jpg\" alt=\"\" data-id=\"844\" data-link=\"https:\/\/lernspatzen.de\/?attachment_id=844\" class=\"wp-image-844\" srcset=\"https:\/\/lernspatzen.de\/wp-content\/uploads\/2020\/09\/IMG_0327-1024x683.jpg 1024w, https:\/\/lernspatzen.de\/wp-content\/uploads\/2020\/09\/IMG_0327-300x200.jpg 300w, https:\/\/lernspatzen.de\/wp-content\/uploads\/2020\/09\/IMG_0327-768x512.jpg 768w\" sizes=\"auto, (max-width: 1024px) 100vw, 1024px\" \/><figcaption>gestaltete Plakate der Kinder<\/figcaption><\/figure><\/li><\/ul>\n\n\n\n<p>Wir haben 7 Klassenr\u00e4ume und f\u00fcr die Klassen 1 und 2 dazugeh\u00f6rige Hortr\u00e4ume. Der Fr\u00fch- und Sp\u00e4thort findet in separaten Zimmern im unteren Mittelflur statt. Fachkabinette gibt es f\u00fcr Heimatkunde\/ Zeichnen, Musik\/ Englisch und f\u00fcr Medienkunde. <\/p>\n\n\n\n<ul class=\"wp-block-gallery columns-2 is-cropped wp-block-gallery-2 is-layout-flex wp-block-gallery-is-layout-flex\"><li class=\"blocks-gallery-item\"><figure><img loading=\"lazy\" decoding=\"async\" width=\"1020\" height=\"1024\" src=\"https:\/\/lernspatzen.de\/wp-content\/uploads\/2020\/01\/DSC00988-e1579449713514-1020x1024.jpg\" alt=\"\" data-id=\"449\" class=\"wp-image-449\" srcset=\"https:\/\/lernspatzen.de\/wp-content\/uploads\/2020\/01\/DSC00988-e1579449713514-1020x1024.jpg 1020w, https:\/\/lernspatzen.de\/wp-content\/uploads\/2020\/01\/DSC00988-e1579449713514-150x150.jpg 150w, https:\/\/lernspatzen.de\/wp-content\/uploads\/2020\/01\/DSC00988-e1579449713514-300x300.jpg 300w, https:\/\/lernspatzen.de\/wp-content\/uploads\/2020\/01\/DSC00988-e1579449713514-768x771.jpg 768w, https:\/\/lernspatzen.de\/wp-content\/uploads\/2020\/01\/DSC00988-e1579449713514-500x502.jpg 500w\" sizes=\"auto, (max-width: 1020px) 100vw, 1020px\" \/><figcaption>Zeichenraum<\/figcaption><\/figure><\/li><li class=\"blocks-gallery-item\"><figure><img loading=\"lazy\" decoding=\"async\" width=\"1024\" height=\"683\" src=\"https:\/\/lernspatzen.de\/wp-content\/uploads\/2020\/09\/IMG_0328-1024x683.jpg\" alt=\"\" data-id=\"847\" data-link=\"https:\/\/lernspatzen.de\/?attachment_id=847\" class=\"wp-image-847\" srcset=\"https:\/\/lernspatzen.de\/wp-content\/uploads\/2020\/09\/IMG_0328-1024x683.jpg 1024w, https:\/\/lernspatzen.de\/wp-content\/uploads\/2020\/09\/IMG_0328-300x200.jpg 300w, https:\/\/lernspatzen.de\/wp-content\/uploads\/2020\/09\/IMG_0328-768x512.jpg 768w\" sizes=\"auto, (max-width: 1024px) 100vw, 1024px\" \/><figcaption>Musikraum<\/figcaption><\/figure><\/li><\/ul>\n\n\n\n<p>F\u00fcr die Hofpause und die Freizeitgestaltung im Schulhort steht den Kindern ein gro\u00dfer Schulhof mit einem Reck, einer Nestschaukel, einer Hangrutsche, einem Sandkasten und einer Kletterlandschaft zur Verf\u00fcgung. Auch zum Fu\u00dfballspielen ist noch gen\u00fcgend Platz. <\/p>\n\n\n\n<ul class=\"wp-block-gallery columns-3 is-cropped wp-block-gallery-3 is-layout-flex wp-block-gallery-is-layout-flex\"><li class=\"blocks-gallery-item\"><figure><img loading=\"lazy\" decoding=\"async\" width=\"1024\" height=\"683\" src=\"https:\/\/lernspatzen.de\/wp-content\/uploads\/2020\/09\/IMG_0292-1024x683.jpg\" alt=\"\" data-id=\"824\" data-link=\"https:\/\/lernspatzen.de\/?attachment_id=824\" class=\"wp-image-824\" srcset=\"https:\/\/lernspatzen.de\/wp-content\/uploads\/2020\/09\/IMG_0292-1024x683.jpg 1024w, https:\/\/lernspatzen.de\/wp-content\/uploads\/2020\/09\/IMG_0292-300x200.jpg 300w, https:\/\/lernspatzen.de\/wp-content\/uploads\/2020\/09\/IMG_0292-768x512.jpg 768w\" sizes=\"auto, (max-width: 1024px) 100vw, 1024px\" \/><figcaption>der Kletterturm<\/figcaption><\/figure><\/li><li class=\"blocks-gallery-item\"><figure><img loading=\"lazy\" decoding=\"async\" width=\"1024\" height=\"683\" src=\"https:\/\/lernspatzen.de\/wp-content\/uploads\/2020\/09\/IMG_0298-1024x683.jpg\" alt=\"\" data-id=\"825\" data-link=\"https:\/\/lernspatzen.de\/?attachment_id=825\" class=\"wp-image-825\" srcset=\"https:\/\/lernspatzen.de\/wp-content\/uploads\/2020\/09\/IMG_0298-1024x683.jpg 1024w, https:\/\/lernspatzen.de\/wp-content\/uploads\/2020\/09\/IMG_0298-300x200.jpg 300w, https:\/\/lernspatzen.de\/wp-content\/uploads\/2020\/09\/IMG_0298-768x512.jpg 768w\" sizes=\"auto, (max-width: 1024px) 100vw, 1024px\" \/><figcaption>Reckstangen<\/figcaption><\/figure><\/li><li class=\"blocks-gallery-item\"><figure><img loading=\"lazy\" decoding=\"async\" width=\"1024\" height=\"683\" src=\"https:\/\/lernspatzen.de\/wp-content\/uploads\/2020\/09\/IMG_0299-1024x683.jpg\" alt=\"\" data-id=\"826\" data-link=\"https:\/\/lernspatzen.de\/?attachment_id=826\" class=\"wp-image-826\" srcset=\"https:\/\/lernspatzen.de\/wp-content\/uploads\/2020\/09\/IMG_0299-1024x683.jpg 1024w, https:\/\/lernspatzen.de\/wp-content\/uploads\/2020\/09\/IMG_0299-300x200.jpg 300w, https:\/\/lernspatzen.de\/wp-content\/uploads\/2020\/09\/IMG_0299-768x512.jpg 768w\" sizes=\"auto, (max-width: 1024px) 100vw, 1024px\" \/><figcaption>Blick zur Turnhalle<\/figcaption><\/figure><\/li><li class=\"blocks-gallery-item\"><figure><img loading=\"lazy\" decoding=\"async\" width=\"1024\" height=\"683\" src=\"https:\/\/lernspatzen.de\/wp-content\/uploads\/2020\/09\/IMG_0311-1024x683.jpg\" alt=\"\" data-id=\"830\" data-link=\"https:\/\/lernspatzen.de\/?attachment_id=830\" class=\"wp-image-830\" srcset=\"https:\/\/lernspatzen.de\/wp-content\/uploads\/2020\/09\/IMG_0311-1024x683.jpg 1024w, https:\/\/lernspatzen.de\/wp-content\/uploads\/2020\/09\/IMG_0311-300x200.jpg 300w, https:\/\/lernspatzen.de\/wp-content\/uploads\/2020\/09\/IMG_0311-768x512.jpg 768w\" sizes=\"auto, (max-width: 1024px) 100vw, 1024px\" \/><figcaption>Nestschaukel<\/figcaption><\/figure><\/li><li class=\"blocks-gallery-item\"><figure><img decoding=\"async\" src=\"https:\/\/lernspatzen.de\/wp-content\/uploads\/2020\/09\/IMG_0300-1024x683.jpg\" alt=\"\" data-id=\"827\" data-link=\"https:\/\/lernspatzen.de\/?attachment_id=827\" class=\"wp-image-827\"\/><figcaption>der Schulhof bietet viel Platz<\/figcaption><\/figure><\/li><\/ul>\n\n\n\n<p>Auf dem Schulgel\u00e4nde steht eine sanierte Einfelderhalle, die bis zum Nachmittag ausschlie\u00dflich von den Schulkindern genutzt wird. <br>Seit diesem Schuljahr komplettiert den Sportunterricht und die Hortfreizeit eine neue tolle Freisportanlage mit Laufbahn, Sprunggrube und Spielfeld.<\/p>\n\n\n\n<ul class=\"wp-block-gallery columns-3 is-cropped wp-block-gallery-4 is-layout-flex wp-block-gallery-is-layout-flex\"><li class=\"blocks-gallery-item\"><figure><img loading=\"lazy\" decoding=\"async\" width=\"1024\" height=\"768\" src=\"https:\/\/lernspatzen.de\/wp-content\/uploads\/2020\/01\/DSC00945-1024x768.jpg\" alt=\"\" data-id=\"426\" data-link=\"https:\/\/lernspatzen.de\/?attachment_id=426\" class=\"wp-image-426\" srcset=\"https:\/\/lernspatzen.de\/wp-content\/uploads\/2020\/01\/DSC00945-1024x768.jpg 1024w, https:\/\/lernspatzen.de\/wp-content\/uploads\/2020\/01\/DSC00945-300x225.jpg 300w, https:\/\/lernspatzen.de\/wp-content\/uploads\/2020\/01\/DSC00945-768x576.jpg 768w, https:\/\/lernspatzen.de\/wp-content\/uploads\/2020\/01\/DSC00945-500x375.jpg 500w\" sizes=\"auto, (max-width: 1024px) 100vw, 1024px\" \/><\/figure><\/li><li class=\"blocks-gallery-item\"><figure><img loading=\"lazy\" decoding=\"async\" width=\"1024\" height=\"768\" src=\"https:\/\/lernspatzen.de\/wp-content\/uploads\/2020\/01\/DSC00943-1024x768.jpg\" alt=\"\" data-id=\"425\" data-link=\"https:\/\/lernspatzen.de\/?attachment_id=425\" class=\"wp-image-425\" srcset=\"https:\/\/lernspatzen.de\/wp-content\/uploads\/2020\/01\/DSC00943-1024x768.jpg 1024w, https:\/\/lernspatzen.de\/wp-content\/uploads\/2020\/01\/DSC00943-300x225.jpg 300w, https:\/\/lernspatzen.de\/wp-content\/uploads\/2020\/01\/DSC00943-768x576.jpg 768w, https:\/\/lernspatzen.de\/wp-content\/uploads\/2020\/01\/DSC00943-500x375.jpg 500w\" sizes=\"auto, (max-width: 1024px) 100vw, 1024px\" \/><\/figure><\/li><li class=\"blocks-gallery-item\"><figure><img loading=\"lazy\" decoding=\"async\" width=\"1024\" height=\"768\" src=\"https:\/\/lernspatzen.de\/wp-content\/uploads\/2020\/01\/DSC00942-1024x768.jpg\" alt=\"\" data-id=\"424\" data-link=\"https:\/\/lernspatzen.de\/?attachment_id=424\" class=\"wp-image-424\" srcset=\"https:\/\/lernspatzen.de\/wp-content\/uploads\/2020\/01\/DSC00942-1024x768.jpg 1024w, https:\/\/lernspatzen.de\/wp-content\/uploads\/2020\/01\/DSC00942-300x225.jpg 300w, https:\/\/lernspatzen.de\/wp-content\/uploads\/2020\/01\/DSC00942-768x576.jpg 768w, https:\/\/lernspatzen.de\/wp-content\/uploads\/2020\/01\/DSC00942-500x375.jpg 500w\" sizes=\"auto, (max-width: 1024px) 100vw, 1024px\" \/><\/figure><\/li><li class=\"blocks-gallery-item\"><figure><img loading=\"lazy\" decoding=\"async\" width=\"1024\" height=\"683\" src=\"https:\/\/lernspatzen.de\/wp-content\/uploads\/2020\/09\/IMG_0304-1-1024x683.jpg\" alt=\"\" data-id=\"842\" data-link=\"https:\/\/lernspatzen.de\/?attachment_id=842\" class=\"wp-image-842\" srcset=\"https:\/\/lernspatzen.de\/wp-content\/uploads\/2020\/09\/IMG_0304-1-1024x683.jpg 1024w, https:\/\/lernspatzen.de\/wp-content\/uploads\/2020\/09\/IMG_0304-1-300x200.jpg 300w, https:\/\/lernspatzen.de\/wp-content\/uploads\/2020\/09\/IMG_0304-1-768x512.jpg 768w\" sizes=\"auto, (max-width: 1024px) 100vw, 1024px\" \/><figcaption>Gern genutzt von unseren Kindern<\/figcaption><\/figure><\/li><\/ul>\n","protected":false},"excerpt":{"rendered":"<p>Unser Schulgeb\u00e4ude ist ein sogenannter Plattenbau, der auf eine \u00fcber 50j\u00e4hrige Geschichte zur\u00fcckblicken kann. Eine dadurch in vielen Bereichen notwendige Sanierung wurde uns vom Schultr\u00e4ger zeitnah zugesichert. Das Schulhaus und die Klassen- und Hortr\u00e4ume werden von den Sch\u00fclern und Lehrern durch eigene Sch\u00fclerarbeiten und den Themen im Jahreskreis liebevoll gestaltet. Wir haben 7 Klassenr\u00e4ume und [&hellip;]<\/p>\n","protected":false},"author":1,"featured_media":0,"parent":0,"menu_order":0,"comment_status":"closed","ping_status":"closed","template":"","meta":{"footnotes":""},"class_list":["post-76","page","type-page","status-publish","hentry"],"_links":{"self":[{"href":"https:\/\/lernspatzen.de\/index.php?rest_route=\/wp\/v2\/pages\/76","targetHints":{"allow":["GET"]}}],"collection":[{"href":"https:\/\/lernspatzen.de\/index.php?rest_route=\/wp\/v2\/pages"}],"about":[{"href":"https:\/\/lernspatzen.de\/index.php?rest_route=\/wp\/v2\/types\/page"}],"author":[{"embeddable":true,"href":"https:\/\/lernspatzen.de\/index.php?rest_route=\/wp\/v2\/users\/1"}],"replies":[{"embeddable":true,"href":"https:\/\/lernspatzen.de\/index.php?rest_route=%2Fwp%2Fv2%2Fcomments&post=76"}],"version-history":[{"count":9,"href":"https:\/\/lernspatzen.de\/index.php?rest_route=\/wp\/v2\/pages\/76\/revisions"}],"predecessor-version":[{"id":848,"href":"https:\/\/lernspatzen.de\/index.php?rest_route=\/wp\/v2\/pages\/76\/revisions\/848"}],"wp:attachment":[{"href":"https:\/\/lernspatzen.de\/index.php?rest_route=%2Fwp%2Fv2%2Fmedia&parent=76"}],"curies":[{"name":"wp","href":"https:\/\/api.w.org\/{rel}","templated":true}]}}

<p>Unser Schulgebäude ist ein sogenannter Plattenbau, der auf eine über 50jährige Geschichte zurückblicken kann. Eine dadurch in vielen Bereichen notwendige Sanierung wurde uns vom Schulträger zeitnah zugesichert. <br>Das Schulhaus und die Klassen- und Horträume werden von den Schülern und Lehrern durch eigene Schülerarbeiten und den Themen im Jahreskreis liebevoll gestaltet.</p>



<ul class="wp-block-gallery columns-2 is-cropped wp-block-gallery-1 is-layout-flex wp-block-gallery-is-layout-flex"><li class="blocks-gallery-item"><figure><img loading="lazy" decoding="async" width="1024" height="683" src="https://lernspatzen.de/wp-content/uploads/2020/09/IMG_0325-1024x683.jpg" alt="" data-id="836" data-link="https://lernspatzen.de/?attachment_id=836" class="wp-image-836" srcset="https://lernspatzen.de/wp-content/uploads/2020/09/IMG_0325-1024x683.jpg 1024w, https://lernspatzen.de/wp-content/uploads/2020/09/IMG_0325-300x200.jpg 300w, https://lernspatzen.de/wp-content/uploads/2020/09/IMG_0325-768x512.jpg 768w" sizes="auto, (max-width: 1024px) 100vw, 1024px" /></figure></li><li class="blocks-gallery-item"><figure><img loading="lazy" decoding="async" width="1024" height="683" src="https://lernspatzen.de/wp-content/uploads/2020/09/IMG_0327-1024x683.jpg" alt="" data-id="844" data-link="https://lernspatzen.de/?attachment_id=844" class="wp-image-844" srcset="https://lernspatzen.de/wp-content/uploads/2020/09/IMG_0327-1024x683.jpg 1024w, https://lernspatzen.de/wp-content/uploads/2020/09/IMG_0327-300x200.jpg 300w, https://lernspatzen.de/wp-content/uploads/2020/09/IMG_0327-768x512.jpg 768w" sizes="auto, (max-width: 1024px) 100vw, 1024px" /><figcaption>gestaltete Plakate der Kinder</figcaption></figure></li></ul>



<p>Wir haben 7 Klassenräume und für die Klassen 1 und 2 dazugehörige Horträume. Der Früh- und Späthort findet in separaten Zimmern im unteren Mittelflur statt. Fachkabinette gibt es für Heimatkunde/ Zeichnen, Musik/ Englisch und für Medienkunde. </p>



<ul class="wp-block-gallery columns-2 is-cropped wp-block-gallery-2 is-layout-flex wp-block-gallery-is-layout-flex"><li class="blocks-gallery-item"><figure><img loading="lazy" decoding="async" width="1020" height="1024" src="https://lernspatzen.de/wp-content/uploads/2020/01/DSC00988-e1579449713514-1020x1024.jpg" alt="" data-id="449" class="wp-image-449" srcset="https://lernspatzen.de/wp-content/uploads/2020/01/DSC00988-e1579449713514-1020x1024.jpg 1020w, https://lernspatzen.de/wp-content/uploads/2020/01/DSC00988-e1579449713514-150x150.jpg 150w, https://lernspatzen.de/wp-content/uploads/2020/01/DSC00988-e1579449713514-300x300.jpg 300w, https://lernspatzen.de/wp-content/uploads/2020/01/DSC00988-e1579449713514-768x771.jpg 768w, https://lernspatzen.de/wp-content/uploads/2020/01/DSC00988-e1579449713514-500x502.jpg 500w" sizes="auto, (max-width: 1020px) 100vw, 1020px" /><figcaption>Zeichenraum</figcaption></figure></li><li class="blocks-gallery-item"><figure><img loading="lazy" decoding="async" width="1024" height="683" src="https://lernspatzen.de/wp-content/uploads/2020/09/IMG_0328-1024x683.jpg" alt="" data-id="847" data-link="https://lernspatzen.de/?attachment_id=847" class="wp-image-847" srcset="https://lernspatzen.de/wp-content/uploads/2020/09/IMG_0328-1024x683.jpg 1024w, https://lernspatzen.de/wp-content/uploads/2020/09/IMG_0328-300x200.jpg 300w, https://lernspatzen.de/wp-content/uploads/2020/09/IMG_0328-768x512.jpg 768w" sizes="auto, (max-width: 1024px) 100vw, 1024px" /><figcaption>Musikraum</figcaption></figure></li></ul>



<p>Für die Hofpause und die Freizeitgestaltung im Schulhort steht den Kindern ein großer Schulhof mit einem Reck, einer Nestschaukel, einer Hangrutsche, einem Sandkasten und einer Kletterlandschaft zur Verfügung. Auch zum Fußballspielen ist noch genügend Platz. </p>



<ul class="wp-block-gallery columns-3 is-cropped wp-block-gallery-3 is-layout-flex wp-block-gallery-is-layout-flex"><li class="blocks-gallery-item"><figure><img loading="lazy" decoding="async" width="1024" height="683" src="https://lernspatzen.de/wp-content/uploads/2020/09/IMG_0292-1024x683.jpg" alt="" data-id="824" data-link="https://lernspatzen.de/?attachment_id=824" class="wp-image-824" srcset="https://lernspatzen.de/wp-content/uploads/2020/09/IMG_0292-1024x683.jpg 1024w, https://lernspatzen.de/wp-content/uploads/2020/09/IMG_0292-300x200.jpg 300w, https://lernspatzen.de/wp-content/uploads/2020/09/IMG_0292-768x512.jpg 768w" sizes="auto, (max-width: 1024px) 100vw, 1024px" /><figcaption>der Kletterturm</figcaption></figure></li><li class="blocks-gallery-item"><figure><img loading="lazy" decoding="async" width="1024" height="683" src="https://lernspatzen.de/wp-content/uploads/2020/09/IMG_0298-1024x683.jpg" alt="" data-id="825" data-link="https://lernspatzen.de/?attachment_id=825" class="wp-image-825" srcset="https://lernspatzen.de/wp-content/uploads/2020/09/IMG_0298-1024x683.jpg 1024w, https://lernspatzen.de/wp-content/uploads/2020/09/IMG_0298-300x200.jpg 300w, https://lernspatzen.de/wp-content/uploads/2020/09/IMG_0298-768x512.jpg 768w" sizes="auto, (max-width: 1024px) 100vw, 1024px" /><figcaption>Reckstangen</figcaption></figure></li><li class="blocks-gallery-item"><figure><img loading="lazy" decoding="async" width="1024" height="683" src="https://lernspatzen.de/wp-content/uploads/2020/09/IMG_0299-1024x683.jpg" alt="" data-id="826" data-link="https://lernspatzen.de/?attachment_id=826" class="wp-image-826" srcset="https://lernspatzen.de/wp-content/uploads/2020/09/IMG_0299-1024x683.jpg 1024w, https://lernspatzen.de/wp-content/uploads/2020/09/IMG_0299-300x200.jpg 300w, https://lernspatzen.de/wp-content/uploads/2020/09/IMG_0299-768x512.jpg 768w" sizes="auto, (max-width: 1024px) 100vw, 1024px" /><figcaption>Blick zur Turnhalle</figcaption></figure></li><li class="blocks-gallery-item"><figure><img loading="lazy" decoding="async" width="1024" height="683" src="https://lernspatzen.de/wp-content/uploads/2020/09/IMG_0311-1024x683.jpg" alt="" data-id="830" data-link="https://lernspatzen.de/?attachment_id=830" class="wp-image-830" srcset="https://lernspatzen.de/wp-content/uploads/2020/09/IMG_0311-1024x683.jpg 1024w, https://lernspatzen.de/wp-content/uploads/2020/09/IMG_0311-300x200.jpg 300w, https://lernspatzen.de/wp-content/uploads/2020/09/IMG_0311-768x512.jpg 768w" sizes="auto, (max-width: 1024px) 100vw, 1024px" /><figcaption>Nestschaukel</figcaption></figure></li><li class="blocks-gallery-item"><figure><img decoding="async" src="https://lernspatzen.de/wp-content/uploads/2020/09/IMG_0300-1024x683.jpg" alt="" data-id="827" data-link="https://lernspatzen.de/?attachment_id=827" class="wp-image-827"/><figcaption>der Schulhof bietet viel Platz</figcaption></figure></li></ul>



<p>Auf dem Schulgelände steht eine sanierte Einfelderhalle, die bis zum Nachmittag ausschließlich von den Schulkindern genutzt wird. <br>Seit diesem Schuljahr komplettiert den Sportunterricht und die Hortfreizeit eine neue tolle Freisportanlage mit Laufbahn, Sprunggrube und Spielfeld.</p>



<ul class="wp-block-gallery columns-3 is-cropped wp-block-gallery-4 is-layout-flex wp-block-gallery-is-layout-flex"><li class="blocks-gallery-item"><figure><img loading="lazy" decoding="async" width="1024" height="768" src="https://lernspatzen.de/wp-content/uploads/2020/01/DSC00945-1024x768.jpg" alt="" data-id="426" data-link="https://lernspatzen.de/?attachment_id=426" class="wp-image-426" srcset="https://lernspatzen.de/wp-content/uploads/2020/01/DSC00945-1024x768.jpg 1024w, https://lernspatzen.de/wp-content/uploads/2020/01/DSC00945-300x225.jpg 300w, https://lernspatzen.de/wp-content/uploads/2020/01/DSC00945-768x576.jpg 768w, https://lernspatzen.de/wp-content/uploads/2020/01/DSC00945-500x375.jpg 500w" sizes="auto, (max-width: 1024px) 100vw, 1024px" /></figure></li><li class="blocks-gallery-item"><figure><img loading="lazy" decoding="async" width="1024" height="768" src="https://lernspatzen.de/wp-content/uploads/2020/01/DSC00943-1024x768.jpg" alt="" data-id="425" data-link="https://lernspatzen.de/?attachment_id=425" class="wp-image-425" srcset="https://lernspatzen.de/wp-content/uploads/2020/01/DSC00943-1024x768.jpg 1024w, https://lernspatzen.de/wp-content/uploads/2020/01/DSC00943-300x225.jpg 300w, https://lernspatzen.de/wp-content/uploads/2020/01/DSC00943-768x576.jpg 768w, https://lernspatzen.de/wp-content/uploads/2020/01/DSC00943-500x375.jpg 500w" sizes="auto, (max-width: 1024px) 100vw, 1024px" /></figure></li><li class="blocks-gallery-item"><figure><img loading="lazy" decoding="async" width="1024" height="768" src="https://lernspatzen.de/wp-content/uploads/2020/01/DSC00942-1024x768.jpg" alt="" data-id="424" data-link="https://lernspatzen.de/?attachment_id=424" class="wp-image-424" srcset="https://lernspatzen.de/wp-content/uploads/2020/01/DSC00942-1024x768.jpg 1024w, https://lernspatzen.de/wp-content/uploads/2020/01/DSC00942-300x225.jpg 300w, https://lernspatzen.de/wp-content/uploads/2020/01/DSC00942-768x576.jpg 768w, https://lernspatzen.de/wp-content/uploads/2020/01/DSC00942-500x375.jpg 500w" sizes="auto, (max-width: 1024px) 100vw, 1024px" /></figure></li><li class="blocks-gallery-item"><figure><img loading="lazy" decoding="async" width="1024" height="683" src="https://lernspatzen.de/wp-content/uploads/2020/09/IMG_0304-1-1024x683.jpg" alt="" data-id="842" data-link="https://lernspatzen.de/?attachment_id=842" class="wp-image-842" srcset="https://lernspatzen.de/wp-content/uploads/2020/09/IMG_0304-1-1024x683.jpg 1024w, https://lernspatzen.de/wp-content/uploads/2020/09/IMG_0304-1-300x200.jpg 300w, https://lernspatzen.de/wp-content/uploads/2020/09/IMG_0304-1-768x512.jpg 768w" sizes="auto, (max-width: 1024px) 100vw, 1024px" /><figcaption>Gern genutzt von unseren Kindern</figcaption></figure></li></ul>

<p>Unser Schulgebäude ist ein sogenannter Plattenbau, der auf eine über 50jährige Geschichte zurückblicken kann. Eine dadurch in vielen Bereichen notwendige Sanierung wurde uns vom Schulträger zeitnah zugesichert. Das Schulhaus und die Klassen- und Horträume werden von den Schülern und Lehrern durch eigene Schülerarbeiten und den Themen im Jahreskreis liebevoll gestaltet. Wir haben 7 Klassenräume und [&hellip;]</p>
