{"id":467,"date":"2020-01-15T15:25:10","date_gmt":"2020-01-15T15:25:10","guid":{"rendered":"https:\/\/lernspatzen.de\/?page_id=467"},"modified":"2023-02-28T15:54:47","modified_gmt":"2023-02-28T15:54:47","slug":"mitwirkung","status":"publish","type":"page","link":"https:\/\/lernspatzen.de\/?page_id=467","title":{"rendered":"Mitwirkung"},"content":{"rendered":"\n<p><strong>Mitwirkung<\/strong><br>Die wichtigsten Partner beim Lernen und bei allen Angelegenheiten, die f\u00fcr die Schule von gro\u00dfer Bedeutung sind, sind die Eltern. <\/p>\n\n\n\n<p>Alle zwei\nJahre werden in den Elternabenden zu Schuljahresbeginn die Elternvertretungen\ngew\u00e4hlt. Zu ihren Hauptaufgaben geh\u00f6ren, das Vertrauensverh\u00e4ltnis zwischen den\nEltern und Lehrern zu vertiefen, die Klassen bei ihren Vorhaben zu\nunterst\u00fctzen, Anregungen, W\u00fcnsche und Sorgen der Eltern entgegenzunehmen und\ngemeinsam mit der Schule zu besprechen.<\/p>\n\n\n\n<p><strong>Unsere Schulelternsprecher\/in:<\/strong><br>Frau Staude<\/p>\n\n\n\n<p><strong>Unsere Klassenelternsprecher\/in:<\/strong><br>1a&nbsp;&nbsp;&nbsp;&nbsp;&nbsp;&nbsp;&nbsp; Frau Perwo<br>1b&nbsp;&nbsp;&nbsp;&nbsp;&nbsp;&nbsp;&nbsp; Frau Eckner<br>2a&nbsp;&nbsp;&nbsp;&nbsp;&nbsp;&nbsp;&nbsp; Frau Schleitzer<br>2b&nbsp;&nbsp;&nbsp;&nbsp;&nbsp;&nbsp;&nbsp; Frau Staude<br>3a&nbsp;&nbsp;&nbsp;&nbsp; &nbsp;&nbsp; Frau Preu\u00df<br>3b        Frau Gischa<br>4a&nbsp;&nbsp;&nbsp;&nbsp;&nbsp;&nbsp;&nbsp; Frau Neumeister <br>4b&nbsp;&nbsp;&nbsp;&nbsp;&nbsp;&nbsp;&nbsp; Frau Weinhardt<\/p>\n\n\n\n<p><strong>Schulkonferenz (aus Th\u00fcringer Schulgesetz)<\/strong><br><strong>Als Organ der Mitwirkung und Mitbestimmung von Sch\u00fclern, Eltern, Erziehern und Lehrern an der Schule wird jeweils f\u00fcr zwei Schuljahre eine Schulkonferenz gebildet<\/strong>. Den Vorsitz f\u00fchrt der Schulleiter; er hat kein Stimmrecht. Die Lehrerkonferenz, die Schulelternvertretung und die Sch\u00fclervertretung der Schule w\u00e4hlen jeweils ihre Vertreter. <strong>An Grundschulen besteht die Schulkonferenz aus einer gleichen Anzahl von Vertretern der Lehrer und der Eltern;<\/strong> an durchgehend einz\u00fcgigen Grundschulen werden je zwei Vertreter gew\u00e4hlt, an durchgehend mindestens zweiz\u00fcgigen Grundschulen je drei Vertreter. Wird an der Grundschule ein Hort gef\u00fchrt, w\u00e4hlen die Erzieher aus ihrer Mitte einen Vertreter; dieser ist anstelle eines Vertreters der Lehrer Mitglied in der Schulkonferenz. In Schulen mit \u00fcberwiegend vollj\u00e4hrigen Sch\u00fclern besteht die Schulkonferenz aus drei Vertretern der Lehrer und drei Vertretern der Sch\u00fcler. An den \u00fcbrigen Schulen besteht die Schulkonferenz aus je drei Vertretern der Lehrer, der Eltern und der Sch\u00fcler. Soweit an der Schule Ma\u00dfnahmen der schulbezogenen Jugendhilfe angeboten werden, nimmt ein im Rahmen dieser Ma\u00dfnahmen an der Schule t\u00e4tiger Mitarbeiter beratend teil.<\/p>\n\n\n\n<p>Vorsitzende: &nbsp;&nbsp; Frau Bruckmann<br>Mitglieder: &nbsp;&nbsp;  &nbsp; Frau B\u00e4rschneider, Frau L\u00f6ffler, Frau Graul (Lehrer, Erzieher)<br>Herr Neumeister, Frau Weinhardt, Frau Preu\u00df&nbsp;(Eltern)<\/p>\n","protected":false},"excerpt":{"rendered":"<p>MitwirkungDie wichtigsten Partner beim Lernen und bei allen Angelegenheiten, die f\u00fcr die Schule von gro\u00dfer Bedeutung sind, sind die Eltern. Alle zwei Jahre werden in den Elternabenden zu Schuljahresbeginn die Elternvertretungen gew\u00e4hlt. Zu ihren Hauptaufgaben geh\u00f6ren, das Vertrauensverh\u00e4ltnis zwischen den Eltern und Lehrern zu vertiefen, die Klassen bei ihren Vorhaben zu unterst\u00fctzen, Anregungen, W\u00fcnsche und [&hellip;]<\/p>\n","protected":false},"author":1,"featured_media":0,"parent":0,"menu_order":0,"comment_status":"closed","ping_status":"closed","template":"","meta":{"footnotes":""},"class_list":["post-467","page","type-page","status-publish","hentry"],"_links":{"self":[{"href":"https:\/\/lernspatzen.de\/index.php?rest_route=\/wp\/v2\/pages\/467","targetHints":{"allow":["GET"]}}],"collection":[{"href":"https:\/\/lernspatzen.de\/index.php?rest_route=\/wp\/v2\/pages"}],"about":[{"href":"https:\/\/lernspatzen.de\/index.php?rest_route=\/wp\/v2\/types\/page"}],"author":[{"embeddable":true,"href":"https:\/\/lernspatzen.de\/index.php?rest_route=\/wp\/v2\/users\/1"}],"replies":[{"embeddable":true,"href":"https:\/\/lernspatzen.de\/index.php?rest_route=%2Fwp%2Fv2%2Fcomments&post=467"}],"version-history":[{"count":9,"href":"https:\/\/lernspatzen.de\/index.php?rest_route=\/wp\/v2\/pages\/467\/revisions"}],"predecessor-version":[{"id":2269,"href":"https:\/\/lernspatzen.de\/index.php?rest_route=\/wp\/v2\/pages\/467\/revisions\/2269"}],"wp:attachment":[{"href":"https:\/\/lernspatzen.de\/index.php?rest_route=%2Fwp%2Fv2%2Fmedia&parent=467"}],"curies":[{"name":"wp","href":"https:\/\/api.w.org\/{rel}","templated":true}]}}