{"id":167,"date":"2019-11-15T12:25:21","date_gmt":"2019-11-15T12:25:21","guid":{"rendered":"https:\/\/lernspatzen.de\/?page_id=167"},"modified":"2021-11-14T15:04:55","modified_gmt":"2021-11-14T15:04:55","slug":"sport","status":"publish","type":"page","link":"https:\/\/lernspatzen.de\/?page_id=167","title":{"rendered":"Sport"},"content":{"rendered":"\n<p><strong>Sport an unserer\nSchule<\/strong><\/p>\n\n\n\n<p>Sportliche Bet\u00e4tigung hat eine gro\u00dfe Bedeutung f\u00fcr ein\noptimales Heranwachsen unserer Kinder. Schon damals sagte der r\u00f6mische Dichter\nJuvenal: \u201eNur in einem gesunden K\u00f6rper wohnt auch ein gesunder Geist.\u201c F\u00fcr ein\nausgepr\u00e4gtes Sportleben haben wir an unserer Schule beste Bedingungen. Vor zwei\nJahren wurde unsere Turnhalle, die sich auf dem Schulgel\u00e4nde befindet saniert.\nEs ist eine Einfelderhalle, die wir am Schulvormittag allein nutzen k\u00f6nnen. Im\nJahr 2018 wurde mit dem Bau des neuen Sportplatzes begonnen, dieser ist nun, im\nJahr 2019 zur Nutzung freigegeben. Er bietet beste M\u00f6glichkeiten f\u00fcr den\nBereich der Leichathletik. Aber auch unsere kleinen Fu\u00dfballer freuen sich auf\nspannende Spiele auf dem Kleinfeld des Sportplatzes. Diese super Bedingungen\nerm\u00f6glichen uns es, der sportlichen Bet\u00e4tigung an unserer Schule einen gro\u00dfen\nPlatz einzur\u00e4umen. Die w\u00f6chentliche Erg\u00e4nzungsstunde nutzen wir deshalb in\nallen Klassen f\u00fcr eine zus\u00e4tzliche Sportstunde. So hei\u00dft es f\u00fcr unsere Kinder\nim Stundenplan wie folgt:<\/p>\n\n\n\n<p>1. Klasse:&nbsp;&nbsp;&nbsp;&nbsp;&nbsp;&nbsp;&nbsp; 3 Sportstunden w\u00f6chentlich<br>2. Klasse:&nbsp;&nbsp;&nbsp;&nbsp;&nbsp;&nbsp;&nbsp; 3 Sportstunden w\u00f6chentlich<br>3. Klasse:&nbsp;&nbsp;&nbsp;&nbsp;&nbsp;&nbsp;&nbsp; 3 Sportstunden w\u00f6chentlich und eine Schwimmstunde<br>4. Klasse:&nbsp;&nbsp;&nbsp;&nbsp;&nbsp;&nbsp;&nbsp; 4 Sportstunden w\u00f6chentlich<\/p>\n\n\n\n<p>Aber auch am Nachmittag wird nicht nur still gesessen. Der\nHortbereich bietet Sportspiele in der Turnhalle an. Unser Hausmeister Herr\nNeise ruft zweimal w\u00f6chentlich die Fu\u00dfballer in die Halle zum Training.<\/p>\n\n\n\n<p>Unsere Schule nimmt regelm\u00e4\u00dfig an allen Wettk\u00e4mpfen des Schulamtsbereiches Saalfeld\/Rudolstadt teil. Hier k\u00f6nnen sich unsere besten Sportler mit den anderen Schulen messen.<\/p>\n\n\n\n<hr class=\"wp-block-separator is-style-wide\"\/>\n\n\n\n<p>Handball Aktionstag 2021<\/p>\n\n\n\n<script type=\"text\/javascript\">\r\ndocument.addEventListener(\"DOMContentLoaded\", function(event) { \r\n\tjQuery( '#slider-pro-3-1772' ).sliderPro({\r\n\t\t\/\/width\r\n\t\t\t\twidth: 500,\r\n\t\t\t\t\r\n\t\t\/\/height\r\n\t\t\t\theight: 500,\r\n\t\t\t\t\r\n\t\t\/\/auto play\r\n\t\t\t\tautoplay:  true,\r\n\t\tautoplayOnHover: 'none',\r\n\t\t\t\t\t\t\t\tautoplayDelay: 5000,\r\n\t\t\r\n\t\t\r\n\t\tarrows: true,\r\n\t\tbuttons: true,\r\n\t\tsmallSize: 500,\r\n\t\tmediumSize: 1000,\r\n\t\tlargeSize: 3000,\r\n\t\tfade: true,\r\n\t\t\r\n\t\t\/\/thumbnail\r\n\t\tthumbnailArrows: true,\r\n\t\tthumbnailWidth: 120,\r\n\t\tthumbnailHeight: 120,\r\n\t\t\t\t\t\tthumbnailsPosition: 'bottom',\r\n\t\t\t\t\t\tcenterImage: true,\r\n\t\timageScaleMode: 'cover',\r\n\t\tallowScaleUp: true,\r\n\t\t\t\tstartSlide: 0,\r\n\t\tloop: true,\r\n\t\tslideDistance: 5,\r\n\t\tautoplayDirection: 'normal',\r\n\t\ttouchSwipe: true,\r\n\t\tfullScreen: true,\r\n\t});\r\n});\r\n<\/script>\r\n\r\n<div id=\"uris-slider-title\">\r\n\t<h3 class=\"uris-slider-post-title\">Handball Aktionstag<\/h3>\r\n<\/div>\r\n\t\t<div id=\"slider-pro-3-1772\" class=\"slider-pro\">\r\n\t\t\t<!---- slides div start ---->\r\n\t\t\t<div class=\"sp-slides\">\r\n\t\t\t\t\t\t\t\t\t\t<div class=\"sp-slide\">\r\n\t\t\t\t\t\t\t<img decoding=\"async\" class=\"sp-image\" loading=\"lazy\" alt=\"IMG-20211111-WA0028\" src=\"https:\/\/lernspatzen.de\/wp-content\/plugins\/ultimate-responsive-image-slider\/assets\/css\/images\/blank.gif\" data-src=\"https:\/\/lernspatzen.de\/wp-content\/uploads\/2021\/11\/IMG-20211111-WA0028.jpg\" \/>\r\n\r\n\t\t\t\t\t\t\t\r\n\t\t\t\t\t\t\t\t\t\t\t\t\t<\/div>\r\n\t\t\t\t\t\t\t\t\t\t\t\t<div class=\"sp-slide\">\r\n\t\t\t\t\t\t\t<img decoding=\"async\" class=\"sp-image\" loading=\"lazy\" alt=\"IMG-20211111-WA0029\" src=\"https:\/\/lernspatzen.de\/wp-content\/plugins\/ultimate-responsive-image-slider\/assets\/css\/images\/blank.gif\" data-src=\"https:\/\/lernspatzen.de\/wp-content\/uploads\/2021\/11\/IMG-20211111-WA0029.jpg\" \/>\r\n\r\n\t\t\t\t\t\t\t\r\n\t\t\t\t\t\t\t\t\t\t\t\t\t<\/div>\r\n\t\t\t\t\t\t\t\t\t\t\t\t<div class=\"sp-slide\">\r\n\t\t\t\t\t\t\t<img decoding=\"async\" class=\"sp-image\" loading=\"lazy\" alt=\"IMG-20211111-WA0030\" src=\"https:\/\/lernspatzen.de\/wp-content\/plugins\/ultimate-responsive-image-slider\/assets\/css\/images\/blank.gif\" data-src=\"https:\/\/lernspatzen.de\/wp-content\/uploads\/2021\/11\/IMG-20211111-WA0030.jpg\" \/>\r\n\r\n\t\t\t\t\t\t\t\r\n\t\t\t\t\t\t\t\t\t\t\t\t\t<\/div>\r\n\t\t\t\t\t\t\t\t\t\t\t\t<div class=\"sp-slide\">\r\n\t\t\t\t\t\t\t<img decoding=\"async\" class=\"sp-image\" loading=\"lazy\" alt=\"IMG-20211111-WA0031\" src=\"https:\/\/lernspatzen.de\/wp-content\/plugins\/ultimate-responsive-image-slider\/assets\/css\/images\/blank.gif\" data-src=\"https:\/\/lernspatzen.de\/wp-content\/uploads\/2021\/11\/IMG-20211111-WA0031.jpg\" \/>\r\n\r\n\t\t\t\t\t\t\t\r\n\t\t\t\t\t\t\t\t\t\t\t\t\t<\/div>\r\n\t\t\t\t\t\t\t\t\t\t\t\t<div class=\"sp-slide\">\r\n\t\t\t\t\t\t\t<img decoding=\"async\" class=\"sp-image\" loading=\"lazy\" alt=\"IMG-20211111-WA0032\" src=\"https:\/\/lernspatzen.de\/wp-content\/plugins\/ultimate-responsive-image-slider\/assets\/css\/images\/blank.gif\" data-src=\"https:\/\/lernspatzen.de\/wp-content\/uploads\/2021\/11\/IMG-20211111-WA0032.jpg\" \/>\r\n\r\n\t\t\t\t\t\t\t\r\n\t\t\t\t\t\t\t\t\t\t\t\t\t<\/div>\r\n\t\t\t\t\t\t\t\t\t<\/div>\r\n\t\t\t\r\n\t\t\t<!---- slides div end ---->\r\n\t\t\t\t\t\t<!-- slides thumbnails div start -->\r\n\t\t\t<div class=\"sp-thumbnails\">\r\n\t\t\t\t\t\t\t\t\t\t<img decoding=\"async\" class=\"sp-thumbnail\" loading=\"lazy\" src=\"https:\/\/lernspatzen.de\/wp-content\/plugins\/ultimate-responsive-image-slider\/assets\/img\/loading.gif\" data-src=\"https:\/\/lernspatzen.de\/wp-content\/uploads\/2021\/11\/IMG-20211111-WA0028-225x300.jpg\" alt=\"IMG-20211111-WA0028\"\/>\r\n\t\t\t\t\t\t\t\t\t\t\t<img decoding=\"async\" class=\"sp-thumbnail\" loading=\"lazy\" src=\"https:\/\/lernspatzen.de\/wp-content\/plugins\/ultimate-responsive-image-slider\/assets\/img\/loading.gif\" data-src=\"https:\/\/lernspatzen.de\/wp-content\/uploads\/2021\/11\/IMG-20211111-WA0029-300x225.jpg\" alt=\"IMG-20211111-WA0029\"\/>\r\n\t\t\t\t\t\t\t\t\t\t\t<img decoding=\"async\" class=\"sp-thumbnail\" loading=\"lazy\" src=\"https:\/\/lernspatzen.de\/wp-content\/plugins\/ultimate-responsive-image-slider\/assets\/img\/loading.gif\" data-src=\"https:\/\/lernspatzen.de\/wp-content\/uploads\/2021\/11\/IMG-20211111-WA0030-300x225.jpg\" alt=\"IMG-20211111-WA0030\"\/>\r\n\t\t\t\t\t\t\t\t\t\t\t<img decoding=\"async\" class=\"sp-thumbnail\" loading=\"lazy\" src=\"https:\/\/lernspatzen.de\/wp-content\/plugins\/ultimate-responsive-image-slider\/assets\/img\/loading.gif\" data-src=\"https:\/\/lernspatzen.de\/wp-content\/uploads\/2021\/11\/IMG-20211111-WA0031-300x225.jpg\" alt=\"IMG-20211111-WA0031\"\/>\r\n\t\t\t\t\t\t\t\t\t\t\t<img decoding=\"async\" class=\"sp-thumbnail\" loading=\"lazy\" src=\"https:\/\/lernspatzen.de\/wp-content\/plugins\/ultimate-responsive-image-slider\/assets\/img\/loading.gif\" data-src=\"https:\/\/lernspatzen.de\/wp-content\/uploads\/2021\/11\/IMG-20211111-WA0032-300x225.jpg\" alt=\"IMG-20211111-WA0032\"\/>\r\n\t\t\t\t\t\t\t\t<\/div>\r\n\t\t\t\t\t\t<!-- slides thumbnails div end -->\r\n\t\t<\/div>\r\n\t\t<style>\r\n\/* Layout 3 *\/\r\n\/* border *\/\r\n#slider-pro-3-1772 .sp-selected-thumbnail {\r\n\tborder: 4px solid #000000;\r\n}\r\n\r\n\/* font + color *\/\r\n.title-in  {\r\n\tfont-family: Arial !important;\r\n\tcolor: #FFFFFF !important;\r\n\tbackground-color: #000000 !important;\r\n\topacity: 0.7 !important;\r\n}\r\n.desc-in  {\r\n\tfont-family: Arial !important;\r\n\tcolor: #FFFFFF !important;\r\n\tbackground-color: #00000 !important;\r\n\topacity: 0.7 !important;\r\n}\r\n\r\n\/* bullets color *\/\r\n.sp-button  {\r\n\tborder: 2px solid #000000 !important;\r\n}\r\n.sp-selected-button  {\r\n\tbackground-color: #000000 !important;\r\n}\r\n\r\n\/* pointer color - bottom *\/\r\n.sp-selected-thumbnail::before {\r\n\tborder-bottom: 5px solid #000000 !important;\r\n}\r\n.sp-selected-thumbnail::after {\r\n\tborder-bottom: 13px solid #000000 !important;\r\n}\r\n\r\n\/* pointer color - top *\/\r\n\r\n\/* full screen icon *\/\r\n.sp-full-screen-button::before {\r\n    color: #FFFFFF !important;\r\n}\r\n\r\n\/* hover navigation icon color *\/\r\n.sp-next-arrow::after, .sp-next-arrow::before {\r\n\tbackground-color: #FFFFFF !important;\r\n}\r\n.sp-previous-arrow::after, .sp-previous-arrow::before {\r\n\tbackground-color: #FFFFFF !important;\r\n}\r\n\r\n#slider-pro-3-1772 .title-in {\r\n\tcolor: #FFFFFF !important;\r\n\tfont-weight: bolder;\r\n\ttext-align: center;\r\n}\r\n\r\n#slider-pro-3-1772 .title-in-bg {\r\n\tbackground: rgba(255, 255, 255, 0.7); !important;\r\n\twhite-space: unset !important;\r\n\ttransform: initial !important;\r\n\t-webkit-transform: initial !important;\r\n\tfont-size: 14px !important;\r\n}\r\n\r\n#slider-pro-3-1772 .desc-in {\r\n\tcolor: #FFFFFF !important;\r\n\ttext-align: center;\r\n}\r\n#slider-pro-3-1772 .desc-in-bg {\r\n\tbackground: rgba(#00000, 0.7) !important;\r\n\twhite-space: unset !important;\r\n\ttransform: initial !important;\r\n\t-webkit-transform: initial !important;\r\n\tfont-size: 13px !important;\r\n}\r\n\r\n@media (max-width: 640px) {\r\n\t#slider-pro-3-1772 .hide-small-screen {\r\n\t\tdisplay: none;\r\n\t}\r\n}\r\n\r\n@media (max-width: 860px) {\r\n\t#slider-pro-3-1772 .sp-layer {\r\n\t\tfont-size: 18px;\r\n\t}\r\n\t\r\n\t#slider-pro-3-1772 .hide-medium-screen {\r\n\t\tdisplay: none;\r\n\t}\r\n}\r\n.slides-not-found {\r\n\tbackground-color: #a92929;\r\n\tborder-radius: 5px;\r\n\tcolor: #fff;\r\n\tfont-family: initial;\r\n\ttext-align: center;\r\n\tpadding:12px;\r\n}\r\n\/* Custom CSS *\/\r\n<\/style>\r\n\n\n\n\n<p>Wir haben mit unseren Sch\u00fclern den Hanniball-Pass gemacht, das ist ein offizielles Spielabzeichen des deutschen Handballbundes<br>An 5 Stationen wurden Handballelemente wie Prellen, Werfen, Fangen und Grundlagen wie Koordination und Schnelligkeit probiert.<br>Geholfen haben uns Handballer\/innen aus der Regelschule und dem ERG, einige waren ehemalige Sch\u00fcler von uns.<\/p>\n","protected":false},"excerpt":{"rendered":"<p>Sport an unserer Schule Sportliche Bet\u00e4tigung hat eine gro\u00dfe Bedeutung f\u00fcr ein optimales Heranwachsen unserer Kinder. Schon damals sagte der r\u00f6mische Dichter Juvenal: \u201eNur in einem gesunden K\u00f6rper wohnt auch ein gesunder Geist.\u201c F\u00fcr ein ausgepr\u00e4gtes Sportleben haben wir an unserer Schule beste Bedingungen. Vor zwei Jahren wurde unsere Turnhalle, die sich auf dem Schulgel\u00e4nde [&hellip;]<\/p>\n","protected":false},"author":1,"featured_media":0,"parent":0,"menu_order":0,"comment_status":"closed","ping_status":"closed","template":"","meta":{"footnotes":""},"class_list":["post-167","page","type-page","status-publish","hentry"],"_links":{"self":[{"href":"https:\/\/lernspatzen.de\/index.php?rest_route=\/wp\/v2\/pages\/167","targetHints":{"allow":["GET"]}}],"collection":[{"href":"https:\/\/lernspatzen.de\/index.php?rest_route=\/wp\/v2\/pages"}],"about":[{"href":"https:\/\/lernspatzen.de\/index.php?rest_route=\/wp\/v2\/types\/page"}],"author":[{"embeddable":true,"href":"https:\/\/lernspatzen.de\/index.php?rest_route=\/wp\/v2\/users\/1"}],"replies":[{"embeddable":true,"href":"https:\/\/lernspatzen.de\/index.php?rest_route=%2Fwp%2Fv2%2Fcomments&post=167"}],"version-history":[{"count":5,"href":"https:\/\/lernspatzen.de\/index.php?rest_route=\/wp\/v2\/pages\/167\/revisions"}],"predecessor-version":[{"id":1775,"href":"https:\/\/lernspatzen.de\/index.php?rest_route=\/wp\/v2\/pages\/167\/revisions\/1775"}],"wp:attachment":[{"href":"https:\/\/lernspatzen.de\/index.php?rest_route=%2Fwp%2Fv2%2Fmedia&parent=167"}],"curies":[{"name":"wp","href":"https:\/\/api.w.org\/{rel}","templated":true}]}}