{"id":163,"date":"2019-11-15T12:24:16","date_gmt":"2019-11-15T12:24:16","guid":{"rendered":"https:\/\/lernspatzen.de\/?page_id=163"},"modified":"2024-10-24T05:51:13","modified_gmt":"2024-10-24T05:51:13","slug":"schuljahresplan","status":"publish","type":"page","link":"https:\/\/lernspatzen.de\/?page_id=163","title":{"rendered":"Schuljahresplan"},"content":{"rendered":"\n<p>Unsere geplanten Veranstaltungen<\/p>\n\n\n\n<figure class=\"wp-block-table\"><table><tbody><tr><td><strong>Datum<\/strong><\/td><td><strong>Veranstaltung<\/strong><\/td><td><strong>voraussichtliche Kosten<\/strong><\/td><\/tr><tr><td>September<\/td><td>SABAKI&nbsp; alle Klassen<\/td><td>3 \u20ac&nbsp;&nbsp;&nbsp;&nbsp; 3 \u20ac vom FV<\/td><\/tr><tr><td>23.\/27.09.<\/td><td>Herbstprojekt bis 11:45<\/td><td>2 \u20ac<\/td><\/tr><tr><td>24.09.<\/td><td>Polizeiorchester Klasse 1<\/td><td>&nbsp;<\/td><\/tr><tr><td>26.09.<\/td><td>Waldjugendspiele Klasse 4<\/td><td>2 \u20ac<\/td><\/tr><tr><td>25.11.- 29.11.<\/td><td>Kreativwoche<\/td><td>&nbsp;<\/td><\/tr><tr><td>28.11.<\/td><td>Theaterbesuch \u201eHase und Igel\u201c im Meininger Hof<\/td><td>7,50 \u20ac<\/td><\/tr><tr><td>05.12.<\/td><td>Adventsmarkt auf dem Schulhof mit kleinen kulturellen Beitr\u00e4gen der Klassen<\/td><td>&nbsp;<\/td><\/tr><tr><td>19.\/20.12.<\/td><td>Weihnachtsprojekt mit Weihnachtsfeiern bis 11.45 Uhr<\/td><td>&nbsp;<\/td><\/tr><tr><td>genauer Termin noch nicht bekannt<\/td><td>Polipap Klassen 1,3<\/td><td>&nbsp;<\/td><\/tr><tr><td>24.01.<\/td><td>Weltsichten Klassen 3 und 4<\/td><td>6 \u20ac<\/td><\/tr><tr><td>04.03.<\/td><td>Fasching<\/td><td>2 \u20ac<\/td><\/tr><tr><td>individuell<\/td><td>Lesel\u00f6wenwettbewerb<\/td><td>&nbsp;<\/td><\/tr><tr><td>13.05.<\/td><td>Schulsportfest (Ausweichtermin 20.05.)<\/td><td>&nbsp;<\/td><\/tr><tr><td>Mai<\/td><td>Fotograf alle Klassen<\/td><td>&nbsp;<\/td><\/tr><\/tbody><\/table><\/figure>\n\n\n\n<p>Die voraussichtlichen Kosten stellen nur eine Orientierung dar, <br>da noch nicht alle Angebote vorliegen. Unser F\u00f6rderverein unterst\u00fctzt unsere Vorhaben.<\/p>\n\n\n\n<figure class=\"wp-block-table\"><table><tbody><tr><td><strong><u>Unsere Unterrichtszeiten<\/u><\/strong> <strong><u>&nbsp;<\/u><\/strong> <br><strong><u>1. Std.<\/u><\/strong>&nbsp;&nbsp; 8:00- 8:45 <br><strong><u>2. Std<\/u><\/strong>&nbsp;&nbsp;&nbsp; 8:50- 9:35 <strong><u>Fr\u00fchst\u00fcckspause<\/u><\/strong> <br><strong><u>3. Std.<\/u><\/strong>&nbsp;&nbsp; 9:50- 10:35 <strong><u>Hofpause<\/u><\/strong> <br><strong><u>4. Std<\/u><\/strong>&nbsp;&nbsp; 11:00- 11:45 <strong><u>5. Std<\/u><\/strong>&nbsp;&nbsp; 11:50- 12:35 <strong><u>6. Std<\/u><\/strong>&nbsp;&nbsp; 12:40- 13:25<\/td><td><strong><u>Unser Hort<\/u><\/strong> Wir bieten allen Eltern die M\u00f6glichkeit, ihr Kind in unserem Hort anzumelden<strong>.<\/strong> Wir haben<strong> t\u00e4glich von 6:00 \u2013 17:00 Uhr ge\u00f6ffnet.<\/strong> Der Hort ist Teil unserer Offenen Ganztagsschule mit attraktiven Freizeitangeboten und mehreren Arbeitsgemeinschaften zu verschiedenen Bereichen. Die Erzieher leiten die Hausaufgabenzeit und sind am Schulvormittag in einigen Stunden als Zweitp\u00e4dagogen t\u00e4tig. F\u00fcr die Ferienbetreuung schlie\u00dfen sich die drei Saalfelder Schulen zu einem Ferienst\u00fctzpunkt zusammen (siehe R\u00fcckseite). Genaue Informationen entnehmen Sie den Erfassungszetteln, die Sie vor den jeweiligen Ferien bekommen.&nbsp;&nbsp;&nbsp; <strong><u>Achtung!<\/u><\/strong> Kinder, die den Fr\u00fchhort besuchen, gehen \u00fcber den Schulhof zum mittleren Flur in die Fr\u00fchhortr\u00e4ume. Alle anderen Kinder treffen sich 7:40 Uhr (<strong>bitte nicht vorher<\/strong>) an ihren Stellpl\u00e4tzen auf dem Hof und werden dort vom Lehrer abgeholt. Um die Sicherheit der Kinder zu gew\u00e4hren, ist der Seiteneingang zum Schulhof von 8:00 bis 11:00 Uhr verschlossen. Am Haupteingang befindet sich eine Klingel mit einer Wechselsprechanlage. Beachten Sie bitte die Regelungen in unserer Hausordnung. Um den Hort zu erreichen, nutzen Sie bitte die Hortnummer <strong>03671\/ 672501.<\/strong> &nbsp;<\/td><\/tr><\/tbody><\/table><\/figure>\n","protected":false},"excerpt":{"rendered":"<p>Unsere geplanten Veranstaltungen Datum Veranstaltung voraussichtliche Kosten September SABAKI&nbsp; alle Klassen 3 \u20ac&nbsp;&nbsp;&nbsp;&nbsp; 3 \u20ac vom FV 23.\/27.09. Herbstprojekt bis 11:45 2 \u20ac 24.09. Polizeiorchester Klasse 1 &nbsp; 26.09. Waldjugendspiele Klasse 4 2 \u20ac 25.11.- 29.11. Kreativwoche &nbsp; 28.11. Theaterbesuch \u201eHase und Igel\u201c im Meininger Hof 7,50 \u20ac 05.12. Adventsmarkt auf dem Schulhof mit kleinen [&hellip;]<\/p>\n","protected":false},"author":1,"featured_media":0,"parent":0,"menu_order":0,"comment_status":"closed","ping_status":"closed","template":"","meta":{"footnotes":""},"class_list":["post-163","page","type-page","status-publish","hentry"],"_links":{"self":[{"href":"https:\/\/lernspatzen.de\/index.php?rest_route=\/wp\/v2\/pages\/163","targetHints":{"allow":["GET"]}}],"collection":[{"href":"https:\/\/lernspatzen.de\/index.php?rest_route=\/wp\/v2\/pages"}],"about":[{"href":"https:\/\/lernspatzen.de\/index.php?rest_route=\/wp\/v2\/types\/page"}],"author":[{"embeddable":true,"href":"https:\/\/lernspatzen.de\/index.php?rest_route=\/wp\/v2\/users\/1"}],"replies":[{"embeddable":true,"href":"https:\/\/lernspatzen.de\/index.php?rest_route=%2Fwp%2Fv2%2Fcomments&post=163"}],"version-history":[{"count":23,"href":"https:\/\/lernspatzen.de\/index.php?rest_route=\/wp\/v2\/pages\/163\/revisions"}],"predecessor-version":[{"id":2540,"href":"https:\/\/lernspatzen.de\/index.php?rest_route=\/wp\/v2\/pages\/163\/revisions\/2540"}],"wp:attachment":[{"href":"https:\/\/lernspatzen.de\/index.php?rest_route=%2Fwp%2Fv2%2Fmedia&parent=163"}],"curies":[{"name":"wp","href":"https:\/\/api.w.org\/{rel}","templated":true}]}}

<p>Unsere geplanten Veranstaltungen</p>



<figure class="wp-block-table"><table><tbody><tr><td><strong>Datum</strong></td><td><strong>Veranstaltung</strong></td><td><strong>voraussichtliche Kosten</strong></td></tr><tr><td>September</td><td>SABAKI&nbsp; alle Klassen</td><td>3 €&nbsp;&nbsp;&nbsp;&nbsp; 3 € vom FV</td></tr><tr><td>23./27.09.</td><td>Herbstprojekt bis 11:45</td><td>2 €</td></tr><tr><td>24.09.</td><td>Polizeiorchester Klasse 1</td><td>&nbsp;</td></tr><tr><td>26.09.</td><td>Waldjugendspiele Klasse 4</td><td>2 €</td></tr><tr><td>25.11.- 29.11.</td><td>Kreativwoche</td><td>&nbsp;</td></tr><tr><td>28.11.</td><td>Theaterbesuch „Hase und Igel“ im Meininger Hof</td><td>7,50 €</td></tr><tr><td>05.12.</td><td>Adventsmarkt auf dem Schulhof mit kleinen kulturellen Beiträgen der Klassen</td><td>&nbsp;</td></tr><tr><td>19./20.12.</td><td>Weihnachtsprojekt mit Weihnachtsfeiern bis 11.45 Uhr</td><td>&nbsp;</td></tr><tr><td>genauer Termin noch nicht bekannt</td><td>Polipap Klassen 1,3</td><td>&nbsp;</td></tr><tr><td>24.01.</td><td>Weltsichten Klassen 3 und 4</td><td>6 €</td></tr><tr><td>04.03.</td><td>Fasching</td><td>2 €</td></tr><tr><td>individuell</td><td>Leselöwenwettbewerb</td><td>&nbsp;</td></tr><tr><td>13.05.</td><td>Schulsportfest (Ausweichtermin 20.05.)</td><td>&nbsp;</td></tr><tr><td>Mai</td><td>Fotograf alle Klassen</td><td>&nbsp;</td></tr></tbody></table></figure>



<p>Die voraussichtlichen Kosten stellen nur eine Orientierung dar, <br>da noch nicht alle Angebote vorliegen. Unser Förderverein unterstützt unsere Vorhaben.</p>



<figure class="wp-block-table"><table><tbody><tr><td><strong><u>Unsere Unterrichtszeiten</u></strong> <strong><u>&nbsp;</u></strong> <br><strong><u>1. Std.</u></strong>&nbsp;&nbsp; 8:00- 8:45 <br><strong><u>2. Std</u></strong>&nbsp;&nbsp;&nbsp; 8:50- 9:35 <strong><u>Frühstückspause</u></strong> <br><strong><u>3. Std.</u></strong>&nbsp;&nbsp; 9:50- 10:35 <strong><u>Hofpause</u></strong> <br><strong><u>4. Std</u></strong>&nbsp;&nbsp; 11:00- 11:45 <strong><u>5. Std</u></strong>&nbsp;&nbsp; 11:50- 12:35 <strong><u>6. Std</u></strong>&nbsp;&nbsp; 12:40- 13:25</td><td><strong><u>Unser Hort</u></strong> Wir bieten allen Eltern die Möglichkeit, ihr Kind in unserem Hort anzumelden<strong>.</strong> Wir haben<strong> täglich von 6:00 – 17:00 Uhr geöffnet.</strong> Der Hort ist Teil unserer Offenen Ganztagsschule mit attraktiven Freizeitangeboten und mehreren Arbeitsgemeinschaften zu verschiedenen Bereichen. Die Erzieher leiten die Hausaufgabenzeit und sind am Schulvormittag in einigen Stunden als Zweitpädagogen tätig. Für die Ferienbetreuung schließen sich die drei Saalfelder Schulen zu einem Ferienstützpunkt zusammen (siehe Rückseite). Genaue Informationen entnehmen Sie den Erfassungszetteln, die Sie vor den jeweiligen Ferien bekommen.&nbsp;&nbsp;&nbsp; <strong><u>Achtung!</u></strong> Kinder, die den Frühhort besuchen, gehen über den Schulhof zum mittleren Flur in die Frühhorträume. Alle anderen Kinder treffen sich 7:40 Uhr (<strong>bitte nicht vorher</strong>) an ihren Stellplätzen auf dem Hof und werden dort vom Lehrer abgeholt. Um die Sicherheit der Kinder zu gewähren, ist der Seiteneingang zum Schulhof von 8:00 bis 11:00 Uhr verschlossen. Am Haupteingang befindet sich eine Klingel mit einer Wechselsprechanlage. Beachten Sie bitte die Regelungen in unserer Hausordnung. Um den Hort zu erreichen, nutzen Sie bitte die Hortnummer <strong>03671/ 672501.</strong> &nbsp;</td></tr></tbody></table></figure>
