{"id":148,"date":"2019-11-15T12:17:19","date_gmt":"2019-11-15T12:17:19","guid":{"rendered":"https:\/\/lernspatzen.de\/?page_id=148"},"modified":"2024-05-15T11:04:49","modified_gmt":"2024-05-15T11:04:49","slug":"team-hort","status":"publish","type":"page","link":"https:\/\/lernspatzen.de\/?page_id=148","title":{"rendered":"Team &#8211; Hort"},"content":{"rendered":"\n<p><strong>Unser Team<\/strong><br>Momentan sind 3 Erzieherinnen und 3 Quereinsteiger an unserem Hort t\u00e4tig.\u00a0 <br>Unterst\u00fctzung erhalten wir von externen Kr\u00e4ften, von einigen Eltern und dem Schulf\u00f6rderverein. In den letzten beiden Jahren haben sich Eltern engagiert und zwei R\u00e4ume gemalert. Auch bei Festen leisten Eltern gern einen Beitrag. Die finanzielle Unterst\u00fctzung durch den F\u00f6rderverein ist uns eine gro\u00dfe Hilfe. Ferienfahrten, Planetariumbesuche und Anschaffungen von Spielzeug konnten so finanziert werden.<\/p>\n\n\n\n<figure class=\"wp-block-gallery has-nested-images columns-default is-cropped wp-block-gallery-1 is-layout-flex wp-block-gallery-is-layout-flex\">\n<figure class=\"wp-block-image\"><img loading=\"lazy\" decoding=\"async\" width=\"768\" height=\"1024\" data-id=\"345\" src=\"https:\/\/lernspatzen.de\/wp-content\/uploads\/2020\/01\/IMG-20191119-WA0014-768x1024.jpg\" alt=\"\" class=\"wp-image-345\" srcset=\"https:\/\/lernspatzen.de\/wp-content\/uploads\/2020\/01\/IMG-20191119-WA0014-768x1024.jpg 768w, https:\/\/lernspatzen.de\/wp-content\/uploads\/2020\/01\/IMG-20191119-WA0014-225x300.jpg 225w, https:\/\/lernspatzen.de\/wp-content\/uploads\/2020\/01\/IMG-20191119-WA0014.jpg 968w\" sizes=\"auto, (max-width: 768px) 100vw, 768px\" \/><figcaption class=\"wp-element-caption\">im Feenweltchen<\/figcaption><\/figure>\n\n\n\n<figure class=\"wp-block-image\"><img loading=\"lazy\" decoding=\"async\" width=\"768\" height=\"1024\" data-id=\"344\" src=\"https:\/\/lernspatzen.de\/wp-content\/uploads\/2020\/01\/IMG-20191119-WA0008-768x1024.jpg\" alt=\"\" class=\"wp-image-344\" srcset=\"https:\/\/lernspatzen.de\/wp-content\/uploads\/2020\/01\/IMG-20191119-WA0008-768x1024.jpg 768w, https:\/\/lernspatzen.de\/wp-content\/uploads\/2020\/01\/IMG-20191119-WA0008-225x300.jpg 225w, https:\/\/lernspatzen.de\/wp-content\/uploads\/2020\/01\/IMG-20191119-WA0008.jpg 1200w\" sizes=\"auto, (max-width: 768px) 100vw, 768px\" \/><figcaption class=\"wp-element-caption\">im Planetarium<\/figcaption><\/figure>\n<\/figure>\n","protected":false},"excerpt":{"rendered":"<p>Unser TeamMomentan sind 3 Erzieherinnen und 3 Quereinsteiger an unserem Hort t\u00e4tig.\u00a0 Unterst\u00fctzung erhalten wir von externen Kr\u00e4ften, von einigen Eltern und dem Schulf\u00f6rderverein. In den letzten beiden Jahren haben sich Eltern engagiert und zwei R\u00e4ume gemalert. Auch bei Festen leisten Eltern gern einen Beitrag. Die finanzielle Unterst\u00fctzung durch den F\u00f6rderverein ist uns eine gro\u00dfe [&hellip;]<\/p>\n","protected":false},"author":1,"featured_media":0,"parent":0,"menu_order":0,"comment_status":"closed","ping_status":"closed","template":"","meta":{"footnotes":""},"class_list":["post-148","page","type-page","status-publish","hentry"],"_links":{"self":[{"href":"https:\/\/lernspatzen.de\/index.php?rest_route=\/wp\/v2\/pages\/148","targetHints":{"allow":["GET"]}}],"collection":[{"href":"https:\/\/lernspatzen.de\/index.php?rest_route=\/wp\/v2\/pages"}],"about":[{"href":"https:\/\/lernspatzen.de\/index.php?rest_route=\/wp\/v2\/types\/page"}],"author":[{"embeddable":true,"href":"https:\/\/lernspatzen.de\/index.php?rest_route=\/wp\/v2\/users\/1"}],"replies":[{"embeddable":true,"href":"https:\/\/lernspatzen.de\/index.php?rest_route=%2Fwp%2Fv2%2Fcomments&post=148"}],"version-history":[{"count":5,"href":"https:\/\/lernspatzen.de\/index.php?rest_route=\/wp\/v2\/pages\/148\/revisions"}],"predecessor-version":[{"id":2476,"href":"https:\/\/lernspatzen.de\/index.php?rest_route=\/wp\/v2\/pages\/148\/revisions\/2476"}],"wp:attachment":[{"href":"https:\/\/lernspatzen.de\/index.php?rest_route=%2Fwp%2Fv2%2Fmedia&parent=148"}],"curies":[{"name":"wp","href":"https:\/\/api.w.org\/{rel}","templated":true}]}}