{"id":1272,"date":"2021-02-11T12:06:06","date_gmt":"2021-02-11T12:06:06","guid":{"rendered":"https:\/\/lernspatzen.de\/?page_id=1272"},"modified":"2026-03-09T14:39:16","modified_gmt":"2026-03-09T14:39:16","slug":"schulanmeldung-2022-23","status":"publish","type":"page","link":"https:\/\/lernspatzen.de\/?page_id=1272","title":{"rendered":"Schulanmeldung"},"content":{"rendered":"\n<p><strong><u>Schulanmeldung f\u00fcr das Schuljahr 2027\/28 an der Grundschule \u201eAm Roten Berg\u201c Gorndorf<\/u><\/strong><\/p>\n\n\n\n<p>Liebe Eltern,<\/p>\n\n\n\n<p>die <strong>Schulanmeldung f\u00fcr das Schuljahr 2027\/28 <\/strong>erfolgt f\u00fcr alle <strong>Kinder, die vom 02.08.2020 bis 01.08.2021 geboren<\/strong> sind.<\/p>\n\n\n\n<p>Die <strong>Abgabe der Anmeldeformulare<\/strong> findet in der Zeit vom <strong>04.05. bis 08.05.2026<\/strong> von 08:00 Uhr bis 13:00 Uhr im Sekretariat der Schule statt. Auch ein postalisches Zusenden oder ein Einwerfen in unseren Briefkasten ist m\u00f6glich.<\/p>\n\n\n\n<p>Abgegeben werden m\u00fcssen:<\/p>\n\n\n\n<ul class=\"wp-block-list\">\n<li>Schulanmeldung mit Angabe der Zweitwunschschule<\/li>\n\n\n\n<li>Kopie der Geburtsurkunde<\/li>\n\n\n\n<li>ggf. Negativbescheid bei alleinigem Sorgerecht<\/li>\n<\/ul>\n\n\n\n<p>Die Schulanmeldung muss vollst\u00e4ndig ausgef\u00fcllt und von beiden Sorgeberechtigten unterschrieben sein (oder Nachweis \u00fcber Sorgerecht beif\u00fcgen).<\/p>\n\n\n\n<p>Die Anmeldeformulare finden Sie auf der Homepage unserer Schule. Ausgedruckt erhalten Sie diese auch im Sekretariat oder zum Informationselternabend am 21.04.2026.<\/p>\n\n\n\n<p>lernspatzen.de =&gt; Aktuelles =&gt; Schulanmeldung 27\/28<\/p>\n\n\n\n<p><strong><u>Einladung zum Informationselternabend<\/u><\/strong><\/p>\n\n\n\n<p>Gern m\u00f6chten wir Sie vor der Schulanmeldung zu einem Schulrundgang einladen, unsere Schule vorstellen und Ihre Fragen beantworten.<\/p>\n\n\n\n<p>Hier k\u00f6nnen auch die Anmeldeunterlagen mitgenommen werden.<\/p>\n\n\n\n<p><strong>Dazu laden wir Sie f\u00fcr den 21.04.2026 um 18.30 Uhr in unsere Schule ein.<\/strong><\/p>\n\n\n\n<p>Freundliche Gr\u00fc\u00dfe<br>Carmen Bruckmann<br>Schulleiterin<\/p>\n\n\n\n<figure class=\"wp-block-pullquote\"><blockquote><p>&#8211; <strong>Formular zur <a href=\"https:\/\/lernspatzen.de\/wp-content\/uploads\/2026\/03\/Erfassungsbogen_Neuafnahme.pdf\" target=\"_blank\" rel=\"noreferrer noopener\">Schulanmeldung<\/a><\/strong><br>&#8211; <strong>dazugeh\u00f6riges <a href=\"https:\/\/lernspatzen.de\/wp-content\/uploads\/2022\/03\/Merkblatt.pdf\" target=\"_blank\" rel=\"noreferrer noopener\">Merkblatt<\/a><\/strong><\/p><cite>Hortanmeldung und weitere Formulare finden Sie unter <a href=\"https:\/\/lernspatzen.de\/?page_id=95\">Formulare<\/a><\/cite><\/blockquote><\/figure>\n","protected":false},"excerpt":{"rendered":"<p>Schulanmeldung f\u00fcr das Schuljahr 2027\/28 an der Grundschule \u201eAm Roten Berg\u201c Gorndorf Liebe Eltern, die Schulanmeldung f\u00fcr das Schuljahr 2027\/28 erfolgt f\u00fcr alle Kinder, die vom 02.08.2020 bis 01.08.2021 geboren sind. Die Abgabe der Anmeldeformulare findet in der Zeit vom 04.05. bis 08.05.2026 von 08:00 Uhr bis 13:00 Uhr im Sekretariat der Schule statt. Auch [&hellip;]<\/p>\n","protected":false},"author":1,"featured_media":0,"parent":0,"menu_order":0,"comment_status":"closed","ping_status":"closed","template":"","meta":{"footnotes":""},"class_list":["post-1272","page","type-page","status-publish","hentry"],"_links":{"self":[{"href":"https:\/\/lernspatzen.de\/index.php?rest_route=\/wp\/v2\/pages\/1272","targetHints":{"allow":["GET"]}}],"collection":[{"href":"https:\/\/lernspatzen.de\/index.php?rest_route=\/wp\/v2\/pages"}],"about":[{"href":"https:\/\/lernspatzen.de\/index.php?rest_route=\/wp\/v2\/types\/page"}],"author":[{"embeddable":true,"href":"https:\/\/lernspatzen.de\/index.php?rest_route=\/wp\/v2\/users\/1"}],"replies":[{"embeddable":true,"href":"https:\/\/lernspatzen.de\/index.php?rest_route=%2Fwp%2Fv2%2Fcomments&post=1272"}],"version-history":[{"count":42,"href":"https:\/\/lernspatzen.de\/index.php?rest_route=\/wp\/v2\/pages\/1272\/revisions"}],"predecessor-version":[{"id":2614,"href":"https:\/\/lernspatzen.de\/index.php?rest_route=\/wp\/v2\/pages\/1272\/revisions\/2614"}],"wp:attachment":[{"href":"https:\/\/lernspatzen.de\/index.php?rest_route=%2Fwp%2Fv2%2Fmedia&parent=1272"}],"curies":[{"name":"wp","href":"https:\/\/api.w.org\/{rel}","templated":true}]}}